Last updated on 2025-05-01 08:52:47 CEST.
Flavor | Version | Tinstall | Tcheck | Ttotal | Status | Flags |
---|---|---|---|---|---|---|
r-devel-linux-x86_64-debian-clang | 0.0-4 | 58.36 | 131.00 | 189.36 | OK | |
r-devel-linux-x86_64-debian-gcc | 0.0-4 | 42.52 | 93.30 | 135.82 | OK | |
r-devel-linux-x86_64-fedora-clang | 0.0-4 | 328.12 | OK | |||
r-devel-linux-x86_64-fedora-gcc | 0.0-4 | 319.00 | OK | |||
r-devel-windows-x86_64 | 0.0-4 | 61.00 | 201.00 | 262.00 | OK | |
r-patched-linux-x86_64 | 0.0-4 | 56.55 | 124.77 | 181.32 | OK | |
r-release-linux-x86_64 | OK | |||||
r-release-macos-arm64 | 0.0-4 | 136.00 | OK | |||
r-release-macos-x86_64 | 0.0-4 | 230.00 | OK | |||
r-release-windows-x86_64 | 0.0-4 | 63.00 | 206.00 | 269.00 | OK | |
r-oldrel-macos-arm64 | 0.0-4 | 123.00 | NOTE | |||
r-oldrel-macos-x86_64 | 0.0-4 | 233.00 | NOTE | |||
r-oldrel-windows-x86_64 | 0.0-4 | 71.00 | 262.00 | 333.00 | OK |
Version: 0.0-4
Check: installed package size
Result: NOTE
installed size is 6.5Mb
sub-directories of 1Mb or more:
libs 6.2Mb
Flavors: r-oldrel-macos-arm64, r-oldrel-macos-x86_64
These binaries (installable software) and packages are in development.
They may not be fully stable and should be used with caution. We make no claims about them.