Last updated on 2025-11-12 12:53:24 CET.
| Flavor | Version | Tinstall | Tcheck | Ttotal | Status | Flags |
|---|---|---|---|---|---|---|
| r-devel-linux-x86_64-debian-clang | 0.0-4 | 59.56 | 132.68 | 192.24 | OK | |
| r-devel-linux-x86_64-debian-gcc | 0.0-4 | 38.33 | 92.52 | 130.85 | OK | |
| r-devel-linux-x86_64-fedora-clang | 0.0-4 | 127.00 | 184.05 | 311.05 | OK | |
| r-devel-linux-x86_64-fedora-gcc | 0.0-4 | 113.00 | 209.07 | 322.07 | OK | |
| r-devel-windows-x86_64 | 0.0-4 | 62.00 | 192.00 | 254.00 | OK | |
| r-patched-linux-x86_64 | 0.0-4 | 56.58 | 124.25 | 180.83 | OK | |
| r-release-linux-x86_64 | 0.0-4 | 55.00 | 125.68 | 180.68 | OK | |
| r-release-macos-arm64 | 0.0-4 | 25.00 | 111.00 | 136.00 | OK | |
| r-release-macos-x86_64 | 0.0-4 | 37.00 | 193.00 | 230.00 | OK | |
| r-release-windows-x86_64 | 0.0-4 | 62.00 | 189.00 | 251.00 | OK | |
| r-oldrel-macos-arm64 | 0.0-4 | 24.00 | 99.00 | 123.00 | NOTE | |
| r-oldrel-macos-x86_64 | 0.0-4 | 55.00 | 178.00 | 233.00 | NOTE | |
| r-oldrel-windows-x86_64 | 0.0-4 | 74.00 | 248.00 | 322.00 | OK |
Version: 0.0-4
Check: installed package size
Result: NOTE
installed size is 6.5Mb
sub-directories of 1Mb or more:
libs 6.2Mb
Flavors: r-oldrel-macos-arm64, r-oldrel-macos-x86_64
These binaries (installable software) and packages are in development.
They may not be fully stable and should be used with caution. We make no claims about them.