CRAN Package Check Results for Package spBPS

Last updated on 2025-07-22 13:49:25 CEST.

Flavor Version Tinstall Tcheck Ttotal Status Flags
r-devel-linux-x86_64-debian-clang 0.0-4 54.60 129.52 184.12 OK
r-devel-linux-x86_64-debian-gcc 0.0-4 40.64 95.37 136.01 OK
r-devel-linux-x86_64-fedora-clang 0.0-4 319.25 OK
r-devel-linux-x86_64-fedora-gcc 0.0-4 315.51 OK
r-devel-windows-x86_64 0.0-4 61.00 193.00 254.00 OK
r-patched-linux-x86_64 0.0-4 60.48 122.86 183.34 OK
r-release-linux-x86_64 0.0-4 58.26 125.70 183.96 OK
r-release-macos-arm64 0.0-4 136.00 OK
r-release-macos-x86_64 0.0-4 230.00 OK
r-release-windows-x86_64 0.0-4 61.00 188.00 249.00 OK
r-oldrel-macos-arm64 0.0-4 123.00 NOTE
r-oldrel-macos-x86_64 0.0-4 233.00 NOTE
r-oldrel-windows-x86_64 0.0-4 76.00 250.00 326.00 OK

Check Details

Version: 0.0-4
Check: installed package size
Result: NOTE installed size is 6.5Mb sub-directories of 1Mb or more: libs 6.2Mb Flavors: r-oldrel-macos-arm64, r-oldrel-macos-x86_64

These binaries (installable software) and packages are in development.
They may not be fully stable and should be used with caution. We make no claims about them.