Last updated on 2025-02-16 08:51:01 CET.
Flavor | Version | Tinstall | Tcheck | Ttotal | Status | Flags |
---|---|---|---|---|---|---|
r-devel-linux-x86_64-debian-clang | 1.1.8 | 380.28 | 74.01 | 454.29 | NOTE | |
r-devel-linux-x86_64-debian-gcc | 1.1.8 | 277.52 | 49.64 | 327.16 | NOTE | |
r-devel-linux-x86_64-fedora-clang | 1.1.8 | 781.14 | OK | |||
r-devel-linux-x86_64-fedora-gcc | 1.1.8 | 936.26 | OK | |||
r-devel-macos-arm64 | 1.1.8 | 165.00 | OK | |||
r-devel-macos-x86_64 | 1.1.8 | 164.00 | OK | |||
r-devel-windows-x86_64 | 1.1.8 | 352.00 | 128.00 | 480.00 | NOTE | |
r-patched-linux-x86_64 | 1.1.8 | 384.39 | 67.98 | 452.37 | OK | |
r-release-linux-x86_64 | 1.1.8 | 379.30 | 68.03 | 447.33 | OK | |
r-release-macos-arm64 | 1.1.8 | 162.00 | NOTE | |||
r-release-macos-x86_64 | 1.1.8 | 175.00 | NOTE | |||
r-release-windows-x86_64 | 1.1.8 | 356.00 | 130.00 | 486.00 | OK | |
r-oldrel-macos-arm64 | 1.1.8 | 179.00 | NOTE | |||
r-oldrel-macos-x86_64 | 1.1.8 | 185.00 | NOTE | |||
r-oldrel-windows-x86_64 | 1.1.8 | 426.00 | 153.00 | 579.00 | OK |
Version: 1.1.8
Check: Rd cross-references
Result: NOTE
Found the following Rd file(s) with Rd \link{} targets missing package
anchors:
SpatDensReg.Rd: Surv
SuperSurvRegBayes.Rd: Surv
anovaDDP.Rd: Surv
cox.snell.survregbayes.Rd: Surv
frailtyGAFT.Rd: Surv, rdist
indeptCoxph.Rd: Surv
spCopulaCoxph.Rd: Surv
spCopulaDDP.Rd: Surv
survregbayes.Rd: Surv, rdist, rdist.earth
Please provide package anchors for all Rd \link{} targets not in the
package itself and the base packages.
Flavors: r-devel-linux-x86_64-debian-clang, r-devel-linux-x86_64-debian-gcc, r-devel-windows-x86_64
Version: 1.1.8
Check: installed package size
Result: NOTE
installed size is 22.5Mb
sub-directories of 1Mb or more:
libs 21.6Mb
Flavors: r-release-macos-arm64, r-release-macos-x86_64, r-oldrel-macos-arm64, r-oldrel-macos-x86_64
These binaries (installable software) and packages are in development.
They may not be fully stable and should be used with caution. We make no claims about them.