Last updated on 2025-02-16 08:51:01 CET.
Flavor | Version | Tinstall | Tcheck | Ttotal | Status | Flags |
---|---|---|---|---|---|---|
r-devel-linux-x86_64-debian-clang | 2.3.4 | 4.46 | 40.10 | 44.56 | OK | |
r-devel-linux-x86_64-debian-gcc | 2.3.4 | 3.26 | 30.22 | 33.48 | OK | |
r-devel-linux-x86_64-fedora-clang | 2.3.4 | 72.97 | OK | |||
r-devel-linux-x86_64-fedora-gcc | 2.3.4 | 72.17 | OK | |||
r-devel-macos-arm64 | 2.3.4 | 29.00 | OK | |||
r-devel-macos-x86_64 | 2.3.4 | 47.00 | OK | |||
r-devel-windows-x86_64 | 2.3.4 | 6.00 | 79.00 | 85.00 | OK | |
r-patched-linux-x86_64 | 2.3.4 | 4.60 | 38.23 | 42.83 | NOTE | |
r-release-linux-x86_64 | 2.3.4 | 4.11 | 38.56 | 42.67 | NOTE | |
r-release-macos-arm64 | 2.3.4 | 34.00 | NOTE | |||
r-release-macos-x86_64 | 2.3.4 | 77.00 | NOTE | |||
r-release-windows-x86_64 | 2.3.4 | 6.00 | 75.00 | 81.00 | NOTE | |
r-oldrel-macos-arm64 | 2.3.4 | 45.00 | NOTE | |||
r-oldrel-macos-x86_64 | 2.3.4 | 67.00 | NOTE | |||
r-oldrel-windows-x86_64 | 2.3.4 | 9.00 | 82.00 | 91.00 | NOTE |
Version: 2.3.4
Check: package dependencies
Result: NOTE
Package suggested but not available for checking: ‘spDataLarge’
Flavors: r-patched-linux-x86_64, r-release-linux-x86_64, r-release-macos-arm64, r-release-macos-x86_64, r-release-windows-x86_64, r-oldrel-macos-arm64, r-oldrel-macos-x86_64, r-oldrel-windows-x86_64
Version: 2.3.4
Check: installed package size
Result: NOTE
installed size is 6.6Mb
sub-directories of 1Mb or more:
data 2.6Mb
shapes 3.2Mb
Flavors: r-release-macos-arm64, r-release-macos-x86_64, r-release-windows-x86_64, r-oldrel-macos-arm64, r-oldrel-macos-x86_64, r-oldrel-windows-x86_64
These binaries (installable software) and packages are in development.
They may not be fully stable and should be used with caution. We make no claims about them.