Last updated on 2025-10-23 11:50:29 CEST.
Flavor | Version | Tinstall | Tcheck | Ttotal | Status | Flags |
---|---|---|---|---|---|---|
r-devel-linux-x86_64-debian-clang | 1.1 | 13.28 | 109.10 | 122.38 | OK | |
r-devel-linux-x86_64-debian-gcc | 1.1 | 7.84 | 78.88 | 86.72 | OK | |
r-devel-linux-x86_64-fedora-clang | 1.1 | 64.00 | 131.57 | 195.57 | OK | |
r-devel-linux-x86_64-fedora-gcc | 1.1 | 31.00 | 154.06 | 185.06 | OK | |
r-devel-windows-x86_64 | 1.1 | 16.00 | 108.00 | 124.00 | OK | |
r-patched-linux-x86_64 | 1.1 | 12.62 | 103.21 | 115.83 | OK | |
r-release-linux-x86_64 | 1.1 | 10.67 | 101.80 | 112.47 | OK | |
r-release-macos-arm64 | 1.1 | 6.00 | 42.00 | 48.00 | OK | |
r-release-macos-x86_64 | 1.1 | 10.00 | 81.00 | 91.00 | OK | |
r-release-windows-x86_64 | 1.1 | 14.00 | 108.00 | 122.00 | OK | |
r-oldrel-macos-arm64 | 1.1 | 6.00 | 40.00 | 46.00 | NOTE | |
r-oldrel-macos-x86_64 | 1.1 | 9.00 | 72.00 | 81.00 | NOTE | |
r-oldrel-windows-x86_64 | 1.1 | 19.00 | 140.00 | 159.00 | NOTE |
Version: 1.1
Check: installed package size
Result: NOTE
installed size is 5.9Mb
sub-directories of 1Mb or more:
data 4.3Mb
help 1.5Mb
Flavors: r-oldrel-macos-arm64, r-oldrel-macos-x86_64, r-oldrel-windows-x86_64
These binaries (installable software) and packages are in development.
They may not be fully stable and should be used with caution. We make no claims about them.