Last updated on 2025-07-25 13:50:35 CEST.
Flavor | Version | Tinstall | Tcheck | Ttotal | Status | Flags |
---|---|---|---|---|---|---|
r-devel-linux-x86_64-debian-clang | 1.7 | 317.19 | 214.50 | 531.69 | OK | |
r-devel-linux-x86_64-debian-gcc | 1.7 | 214.72 | 135.86 | 350.58 | OK | |
r-devel-linux-x86_64-fedora-clang | 1.7 | 979.63 | OK | |||
r-devel-linux-x86_64-fedora-gcc | 1.7 | 902.96 | OK | |||
r-devel-windows-x86_64 | 1.7 | 339.00 | 199.00 | 538.00 | OK | |
r-patched-linux-x86_64 | 1.7 | 310.36 | 202.69 | 513.05 | OK | |
r-release-linux-x86_64 | 1.7 | 306.34 | 205.04 | 511.38 | OK | |
r-release-macos-arm64 | 1.7 | 186.00 | OK | |||
r-release-macos-x86_64 | 1.7 | 263.00 | OK | |||
r-release-windows-x86_64 | 1.7 | 345.00 | 192.00 | 537.00 | OK | |
r-oldrel-macos-arm64 | 1.7 | 189.00 | NOTE | |||
r-oldrel-macos-x86_64 | 1.7 | 255.00 | NOTE | |||
r-oldrel-windows-x86_64 | 1.7 | 398.00 | 262.00 | 660.00 | OK |
Version: 1.7
Check: installed package size
Result: NOTE
installed size is 28.0Mb
sub-directories of 1Mb or more:
case 1.9Mb
libs 25.2Mb
Flavors: r-oldrel-macos-arm64, r-oldrel-macos-x86_64
These binaries (installable software) and packages are in development.
They may not be fully stable and should be used with caution. We make no claims about them.