Last updated on 2025-11-12 23:51:01 CET.
| Flavor | Version | Tinstall | Tcheck | Ttotal | Status | Flags |
|---|---|---|---|---|---|---|
| r-devel-linux-x86_64-debian-clang | 0.2.3 | 62.14 | 90.26 | 152.40 | OK | |
| r-devel-linux-x86_64-debian-gcc | 0.2.3 | 55.93 | 70.22 | 126.15 | OK | |
| r-devel-linux-x86_64-fedora-clang | 0.2.3 | 102.00 | 145.18 | 247.18 | OK | |
| r-devel-linux-x86_64-fedora-gcc | 0.2.3 | 136.00 | 137.87 | 273.87 | OK | |
| r-devel-windows-x86_64 | 0.2.3 | 68.00 | 118.00 | 186.00 | OK | |
| r-patched-linux-x86_64 | 0.2.3 | 75.39 | 91.68 | 167.07 | OK | |
| r-release-linux-x86_64 | 0.2.3 | 71.55 | 90.56 | 162.11 | OK | |
| r-release-macos-arm64 | 0.2.3 | 36.00 | 49.00 | 85.00 | OK | |
| r-release-macos-x86_64 | 0.2.3 | 50.00 | 71.00 | 121.00 | OK | |
| r-release-windows-x86_64 | 0.2.3 | 71.00 | 123.00 | 194.00 | OK | |
| r-oldrel-macos-arm64 | 0.2.3 | 31.00 | 42.00 | 73.00 | NOTE | |
| r-oldrel-macos-x86_64 | 0.2.3 | 62.00 | 76.00 | 138.00 | NOTE | |
| r-oldrel-windows-x86_64 | 0.2.3 | 87.00 | 148.00 | 235.00 | OK |
Version: 0.2.3
Check: installed package size
Result: NOTE
installed size is 27.7Mb
sub-directories of 1Mb or more:
libs 27.3Mb
Flavors: r-oldrel-macos-arm64, r-oldrel-macos-x86_64
These binaries (installable software) and packages are in development.
They may not be fully stable and should be used with caution. We make no claims about them.