CRAN Package Check Results for Package spGARCH

Last updated on 2025-10-23 21:51:42 CEST.

Flavor Version Tinstall Tcheck Ttotal Status Flags
r-devel-linux-x86_64-debian-clang 0.2.3 66.88 89.89 156.77 OK
r-devel-linux-x86_64-debian-gcc 0.2.3 54.38 70.96 125.34 OK
r-devel-linux-x86_64-fedora-clang 0.2.3 195.00 63.19 258.19 OK
r-devel-linux-x86_64-fedora-gcc 0.2.3 143.00 136.33 279.33 OK
r-devel-windows-x86_64 0.2.3 70.00 122.00 192.00 OK
r-patched-linux-x86_64 0.2.3 73.09 91.28 164.37 OK
r-release-linux-x86_64 0.2.3 76.19 91.32 167.51 OK
r-release-macos-arm64 0.2.3 36.00 49.00 85.00 OK
r-release-macos-x86_64 0.2.3 50.00 71.00 121.00 OK
r-release-windows-x86_64 0.2.3 74.00 127.00 201.00 OK
r-oldrel-macos-arm64 0.2.3 31.00 42.00 73.00 NOTE
r-oldrel-macos-x86_64 0.2.3 62.00 76.00 138.00 NOTE
r-oldrel-windows-x86_64 0.2.3 84.00 152.00 236.00 OK

Check Details

Version: 0.2.3
Check: installed package size
Result: NOTE installed size is 27.7Mb sub-directories of 1Mb or more: libs 27.3Mb Flavors: r-oldrel-macos-arm64, r-oldrel-macos-x86_64

These binaries (installable software) and packages are in development.
They may not be fully stable and should be used with caution. We make no claims about them.