Last updated on 2025-05-21 21:49:32 CEST.
Flavor | Version | Tinstall | Tcheck | Ttotal | Status | Flags |
---|---|---|---|---|---|---|
r-devel-linux-x86_64-debian-clang | 0.4.4.6 | 145.73 | 304.16 | 449.89 | OK | |
r-devel-linux-x86_64-debian-gcc | 0.4.4.6 | 114.31 | 200.31 | 314.62 | OK | |
r-devel-linux-x86_64-fedora-clang | 0.4.4.6 | 755.93 | OK | |||
r-devel-linux-x86_64-fedora-gcc | 0.4.4.6 | 795.18 | OK | |||
r-devel-windows-x86_64 | 0.4.4.6 | 178.00 | 334.00 | 512.00 | OK | |
r-patched-linux-x86_64 | 0.4.4.6 | 159.50 | 267.70 | 427.20 | OK | |
r-release-linux-x86_64 | 0.4.4.6 | 165.18 | 269.36 | 434.54 | OK | |
r-release-macos-arm64 | 0.4.4.6 | 162.00 | OK | |||
r-release-macos-x86_64 | 0.4.4.6 | 259.00 | OK | |||
r-release-windows-x86_64 | 0.4.4.6 | 172.00 | 301.00 | 473.00 | OK | |
r-oldrel-macos-arm64 | 0.4.4.6 | 161.00 | NOTE | |||
r-oldrel-macos-x86_64 | 0.4.4.6 | 233.00 | NOTE | |||
r-oldrel-windows-x86_64 | 0.4.4.6 | 200.00 | 370.00 | 570.00 | NOTE |
Version: 0.4.4.6
Check: installed package size
Result: NOTE
installed size is 17.7Mb
sub-directories of 1Mb or more:
doc 1.0Mb
extdata 2.6Mb
libs 12.6Mb
Flavors: r-oldrel-macos-arm64, r-oldrel-macos-x86_64, r-oldrel-windows-x86_64
These binaries (installable software) and packages are in development.
They may not be fully stable and should be used with caution. We make no claims about them.