Last updated on 2024-07-27 15:50:34 CEST.
Flavor | Version | Tinstall | Tcheck | Ttotal | Status | Flags |
---|---|---|---|---|---|---|
r-devel-linux-x86_64-debian-clang | 2.0.2 | 18.09 | 83.25 | 101.34 | OK | |
r-devel-linux-x86_64-debian-gcc | 2.0.2 | NOTE | ||||
r-devel-linux-x86_64-fedora-clang | 2.0.2 | 124.09 | OK | |||
r-devel-linux-x86_64-fedora-gcc | 2.0.2 | 120.68 | OK | |||
r-devel-windows-x86_64 | 2.0.2 | 22.00 | 78.00 | 100.00 | NOTE | |
r-patched-linux-x86_64 | 2.0.2 | OK | ||||
r-release-linux-x86_64 | 2.0.2 | 19.41 | 78.18 | 97.59 | OK | |
r-release-macos-arm64 | 2.0.2 | 39.00 | OK | |||
r-release-macos-x86_64 | 2.0.2 | 62.00 | OK | |||
r-release-windows-x86_64 | 2.0.2 | 21.00 | 78.00 | 99.00 | OK | |
r-oldrel-macos-arm64 | 2.0.2 | 41.00 | OK | |||
r-oldrel-macos-x86_64 | 2.0.2 | 61.00 | OK | |||
r-oldrel-windows-x86_64 | 2.0.2 | 26.00 | 94.00 | 120.00 | OK |
Version: 2.0.2
Check: Rd cross-references
Result: NOTE
Found the following Rd file(s) with Rd \link{} targets missing package
anchors:
spTDyn-package.Rd: predict.spT
Please provide package anchors for all Rd \link{} targets not in the
package itself and the base packages.
Flavors: r-devel-linux-x86_64-debian-gcc, r-devel-windows-x86_64
These binaries (installable software) and packages are in development.
They may not be fully stable and should be used with caution. We make no claims about them.