CRAN Package Check Results for Package spTimer

Last updated on 2025-10-03 13:49:49 CEST.

Flavor Version Tinstall Tcheck Ttotal Status Flags
r-devel-linux-x86_64-debian-clang 3.3.3 23.23 87.35 110.58 NOTE
r-devel-linux-x86_64-debian-gcc 3.3.3 15.98 58.56 74.54 NOTE
r-devel-linux-x86_64-fedora-clang 3.3.3 168.01 OK
r-devel-linux-x86_64-fedora-gcc 3.3.3 168.73 OK
r-devel-windows-x86_64 3.3.3 31.00 94.00 125.00 OK
r-patched-linux-x86_64 3.3.3 22.96 81.10 104.06 NOTE
r-release-linux-x86_64 3.3.3 23.83 84.24 108.07 NOTE
r-release-macos-arm64 3.3.3 51.00 OK
r-release-macos-x86_64 3.3.3 91.00 OK
r-release-windows-x86_64 3.3.3 36.00 94.00 130.00 OK
r-oldrel-macos-arm64 3.3.3 45.00 OK
r-oldrel-macos-x86_64 3.3.3 104.00 OK
r-oldrel-windows-x86_64 3.3.3 39.00 119.00 158.00 OK

Check Details

Version: 3.3.3
Check: for unstated dependencies in ‘demo’
Result: NOTE 'library' or 'require' calls not declared from: ‘MBA’ ‘akima’ ‘colorspace’ ‘fields’ ‘maps’ Flavors: r-devel-linux-x86_64-debian-clang, r-devel-linux-x86_64-debian-gcc, r-patched-linux-x86_64, r-release-linux-x86_64

These binaries (installable software) and packages are in development.
They may not be fully stable and should be used with caution. We make no claims about them.