CRAN Package Check Results for Package spaMM

Last updated on 2025-02-16 08:51:01 CET.

Flavor Version Tinstall Tcheck Ttotal Status Flags
r-devel-linux-x86_64-debian-clang 4.5.0 176.83 322.62 499.45 NOTE
r-devel-linux-x86_64-debian-gcc 4.5.0 128.31 213.13 341.44 NOTE
r-devel-linux-x86_64-fedora-clang 4.5.0 856.30 NOTE
r-devel-linux-x86_64-fedora-gcc 4.5.0 846.57 NOTE
r-devel-macos-arm64 4.5.0 167.00 NOTE
r-devel-macos-x86_64 4.5.0 425.00 NOTE
r-devel-windows-x86_64 4.5.0 155.00 314.00 469.00 NOTE
r-patched-linux-x86_64 4.5.0 183.99 312.53 496.52 OK
r-release-linux-x86_64 4.5.0 164.44 310.89 475.33 OK
r-release-macos-arm64 4.5.0 187.00 NOTE
r-release-macos-x86_64 4.5.0 468.00 NOTE
r-release-windows-x86_64 4.5.0 161.00 299.00 460.00 NOTE
r-oldrel-macos-arm64 4.5.0 205.00 NOTE
r-oldrel-macos-x86_64 4.5.0 371.00 NOTE
r-oldrel-windows-x86_64 4.5.0 209.00 438.00 647.00 NOTE

Check Details

Version: 4.5.0
Check: Rd cross-references
Result: NOTE Found the following Rd file(s) with Rd \link{} targets missing package anchors: corMatern.Rd: glmmPQL, lme spaMM_boot.Rd: boot Please provide package anchors for all Rd \link{} targets not in the package itself and the base packages. Flavors: r-devel-linux-x86_64-debian-clang, r-devel-linux-x86_64-debian-gcc, r-devel-windows-x86_64

Version: 4.5.0
Check: compiled code
Result: NOTE File ‘spaMM/libs/spaMM.so’: Found non-API call to R: ‘PRVALUE’ Compiled code should not call non-API entry points in R. See ‘Writing portable packages’ in the ‘Writing R Extensions’ manual, and section ‘Moving into C API compliance’ for issues with the use of non-API entry points. Flavors: r-devel-linux-x86_64-debian-clang, r-devel-linux-x86_64-debian-gcc, r-devel-linux-x86_64-fedora-clang, r-devel-linux-x86_64-fedora-gcc, r-devel-macos-arm64, r-devel-macos-x86_64

Version: 4.5.0
Check: compiled code
Result: NOTE File 'spaMM/libs/x64/spaMM.dll': Found non-API call to R: 'PRVALUE' Compiled code should not call non-API entry points in R. See 'Writing portable packages' in the 'Writing R Extensions' manual, and section 'Moving into C API compliance' for issues with the use of non-API entry points. Flavor: r-devel-windows-x86_64

Version: 4.5.0
Check: installed package size
Result: NOTE installed size is 39.1Mb sub-directories of 1Mb or more: R 3.1Mb libs 34.7Mb Flavors: r-release-macos-arm64, r-release-macos-x86_64, r-release-windows-x86_64, r-oldrel-macos-arm64, r-oldrel-macos-x86_64, r-oldrel-windows-x86_64

These binaries (installable software) and packages are in development.
They may not be fully stable and should be used with caution. We make no claims about them.