Last updated on 2025-11-11 15:50:48 CET.
| Flavor | Version | Tinstall | Tcheck | Ttotal | Status | Flags |
|---|---|---|---|---|---|---|
| r-devel-linux-x86_64-debian-clang | 4.6.1 | 167.47 | 343.85 | 511.32 | OK | |
| r-devel-linux-x86_64-debian-gcc | 4.6.1 | 130.51 | 214.48 | 344.99 | OK | |
| r-devel-linux-x86_64-fedora-clang | 4.6.1 | 720.00 | 128.56 | 848.56 | OK | |
| r-devel-linux-x86_64-fedora-gcc | 4.6.1 | 391.00 | 461.14 | 852.14 | OK | |
| r-devel-windows-x86_64 | 4.6.1 | 169.00 | 324.00 | 493.00 | OK | |
| r-patched-linux-x86_64 | 4.6.1 | 189.79 | 328.67 | 518.46 | OK | |
| r-release-linux-x86_64 | 4.6.1 | 177.58 | 331.67 | 509.25 | OK | |
| r-release-macos-arm64 | 4.6.1 | 66.00 | 112.00 | 178.00 | OK | |
| r-release-macos-x86_64 | 4.6.1 | 127.00 | 268.00 | 395.00 | OK | |
| r-release-windows-x86_64 | 4.6.1 | 171.00 | 317.00 | 488.00 | OK | |
| r-oldrel-macos-arm64 | 4.6.1 | 68.00 | 117.00 | 185.00 | NOTE | |
| r-oldrel-macos-x86_64 | 4.6.1 | 146.00 | 266.00 | 412.00 | NOTE | |
| r-oldrel-windows-x86_64 | 4.6.1 | 216.00 | 434.00 | 650.00 | NOTE |
Version: 4.6.1
Check: installed package size
Result: NOTE
installed size is 39.3Mb
sub-directories of 1Mb or more:
R 3.1Mb
libs 34.9Mb
Flavors: r-oldrel-macos-arm64, r-oldrel-macos-x86_64, r-oldrel-windows-x86_64
These binaries (installable software) and packages are in development.
They may not be fully stable and should be used with caution. We make no claims about them.