Last updated on 2025-05-21 21:49:31 CEST.
Flavor | Version | Tinstall | Tcheck | Ttotal | Status | Flags |
---|---|---|---|---|---|---|
r-devel-linux-x86_64-debian-clang | 0.4.0 | 23.26 | 24.87 | 48.13 | OK | |
r-devel-linux-x86_64-debian-gcc | 0.4.0 | 16.66 | 19.69 | 36.35 | OK | |
r-devel-linux-x86_64-fedora-clang | 0.4.0 | 80.12 | OK | |||
r-devel-linux-x86_64-fedora-gcc | 0.4.0 | 84.22 | OK | |||
r-devel-windows-x86_64 | 0.4.0 | 34.00 | 79.00 | 113.00 | OK | |
r-patched-linux-x86_64 | 0.4.0 | 22.74 | 24.13 | 46.87 | OK | |
r-release-linux-x86_64 | 0.4.0 | 22.52 | 24.03 | 46.55 | OK | |
r-release-macos-arm64 | 0.4.0 | 29.00 | OK | |||
r-release-macos-x86_64 | 0.4.0 | 48.00 | OK | |||
r-release-windows-x86_64 | 0.4.0 | 33.00 | 80.00 | 113.00 | OK | |
r-oldrel-macos-arm64 | 0.4.0 | 42.00 | NOTE | |||
r-oldrel-macos-x86_64 | 0.4.0 | 71.00 | NOTE | |||
r-oldrel-windows-x86_64 | 0.4.0 | 38.00 | 76.00 | 114.00 | NOTE |
Version: 0.4.0
Check: installed package size
Result: NOTE
installed size is 15.8Mb
sub-directories of 1Mb or more:
include 10.1Mb
libs 5.6Mb
Flavors: r-oldrel-macos-arm64, r-oldrel-macos-x86_64, r-oldrel-windows-x86_64
These binaries (installable software) and packages are in development.
They may not be fully stable and should be used with caution. We make no claims about them.