Last updated on 2025-05-01 17:56:17 CEST.
Flavor | Version | Tinstall | Tcheck | Ttotal | Status | Flags |
---|---|---|---|---|---|---|
r-devel-linux-x86_64-debian-clang | 1.7-0 | 6.57 | 60.22 | 66.79 | OK | |
r-devel-linux-x86_64-debian-gcc | 1.7-0 | 4.03 | 43.41 | 47.44 | OK | |
r-devel-linux-x86_64-fedora-clang | 1.7-0 | 106.74 | OK | |||
r-devel-linux-x86_64-fedora-gcc | 1.7-0 | 114.06 | OK | |||
r-devel-windows-x86_64 | 1.7-0 | 6.00 | 92.00 | 98.00 | OK | |
r-patched-linux-x86_64 | 1.7-0 | 7.74 | 58.14 | 65.88 | OK | |
r-release-linux-x86_64 | OK | |||||
r-release-macos-arm64 | 1.7-0 | 33.00 | NOTE | |||
r-release-macos-x86_64 | 1.7-0 | 68.00 | OK | |||
r-release-windows-x86_64 | 1.7-0 | 8.00 | 87.00 | 95.00 | OK | |
r-oldrel-macos-arm64 | 1.7-0 | 54.00 | NOTE | |||
r-oldrel-macos-x86_64 | 1.7-0 | 95.00 | OK | |||
r-oldrel-windows-x86_64 | 1.7-0 | 10.00 | 103.00 | 113.00 | OK |
Version: 1.7-0
Check: whether the namespace can be loaded with stated dependencies
Result: NOTE
Warning in microbenchmark::get_nanotime() :
less accurate nanosecond times to avoid potential integer overflows
A namespace must be able to be loaded with just the base namespace
loaded: otherwise if the namespace gets loaded by a saved object, the
session will be unable to start.
Probably some imports need to be declared in the NAMESPACE file.
Flavors: r-release-macos-arm64, r-oldrel-macos-arm64
These binaries (installable software) and packages are in development.
They may not be fully stable and should be used with caution. We make no claims about them.