Last updated on 2025-10-23 17:51:03 CEST.
Flavor | Version | Tinstall | Tcheck | Ttotal | Status | Flags |
---|---|---|---|---|---|---|
r-devel-linux-x86_64-debian-clang | 1.7-0 | 5.29 | 62.83 | 68.12 | OK | |
r-devel-linux-x86_64-debian-gcc | 1.7-0 | 3.93 | 45.82 | 49.75 | OK | |
r-devel-linux-x86_64-fedora-clang | 1.7-0 | 29.00 | 82.96 | 111.96 | OK | |
r-devel-linux-x86_64-fedora-gcc | 1.7-0 | 15.00 | 101.45 | 116.45 | OK | |
r-devel-windows-x86_64 | 1.7-0 | 7.00 | 390.00 | 397.00 | OK | |
r-patched-linux-x86_64 | 1.7-0 | 7.09 | 60.12 | 67.21 | OK | |
r-release-linux-x86_64 | 1.7-0 | 6.10 | 59.77 | 65.87 | OK | |
r-release-macos-arm64 | 1.7-0 | 3.00 | 30.00 | 33.00 | NOTE | |
r-release-macos-x86_64 | 1.7-0 | 5.00 | 63.00 | 68.00 | OK | |
r-release-windows-x86_64 | 1.7-0 | 9.00 | 88.00 | 97.00 | OK | |
r-oldrel-macos-arm64 | 1.7-0 | 2.00 | 52.00 | 54.00 | NOTE | |
r-oldrel-macos-x86_64 | 1.7-0 | 5.00 | 90.00 | 95.00 | OK | |
r-oldrel-windows-x86_64 | 1.7-0 | 9.00 | 101.00 | 110.00 | OK |
Version: 1.7-0
Check: whether the namespace can be loaded with stated dependencies
Result: NOTE
Warning in microbenchmark::get_nanotime() :
less accurate nanosecond times to avoid potential integer overflows
A namespace must be able to be loaded with just the base namespace
loaded: otherwise if the namespace gets loaded by a saved object, the
session will be unable to start.
Probably some imports need to be declared in the NAMESPACE file.
Flavors: r-release-macos-arm64, r-oldrel-macos-arm64
These binaries (installable software) and packages are in development.
They may not be fully stable and should be used with caution. We make no claims about them.