Last updated on 2024-07-27 15:50:34 CEST.
Flavor | Version | Tinstall | Tcheck | Ttotal | Status | Flags |
---|---|---|---|---|---|---|
r-devel-linux-x86_64-debian-clang | 1.3-1 | 11.90 | 193.28 | 205.18 | OK | |
r-devel-linux-x86_64-debian-gcc | 1.3-1 | NOTE | ||||
r-devel-linux-x86_64-fedora-clang | 1.3-1 | 262.49 | OK | |||
r-devel-linux-x86_64-fedora-gcc | 1.3-1 | 274.86 | OK | |||
r-devel-windows-x86_64 | 1.3-1 | 15.00 | 216.00 | 231.00 | NOTE | |
r-patched-linux-x86_64 | 1.3-1 | OK | ||||
r-release-linux-x86_64 | 1.3-1 | 16.43 | 185.59 | 202.02 | OK | |
r-release-macos-arm64 | 1.3-1 | 94.00 | OK | |||
r-release-macos-x86_64 | 1.3-1 | 171.00 | OK | |||
r-release-windows-x86_64 | 1.3-1 | 14.00 | 218.00 | 232.00 | OK | |
r-oldrel-macos-arm64 | 1.3-1 | 111.00 | OK | |||
r-oldrel-macos-x86_64 | 1.3-1 | 257.00 | OK | |||
r-oldrel-windows-x86_64 | 1.3-1 | 17.00 | 239.00 | 256.00 | OK |
Version: 1.3-1
Check: Rd cross-references
Result: NOTE
Found the following Rd file(s) with Rd \link{} targets missing package
anchors:
STFDF-class.Rd: Spatial, xts
STIDF-class.Rd: Spatial, xts
STSDF-class.Rd: Spatial, xts
eof.Rd: Spatial, xts
stconstruct.Rd: Spatial-class, xts, CRS-class
Please provide package anchors for all Rd \link{} targets not in the
package itself and the base packages.
Flavors: r-devel-linux-x86_64-debian-gcc, r-devel-windows-x86_64
These binaries (installable software) and packages are in development.
They may not be fully stable and should be used with caution. We make no claims about them.