Last updated on 2025-02-16 08:51:01 CET.
Flavor | Version | Tinstall | Tcheck | Ttotal | Status | Flags |
---|---|---|---|---|---|---|
r-devel-linux-x86_64-debian-clang | 1.3-2 | 13.47 | 152.47 | 165.94 | NOTE | |
r-devel-linux-x86_64-debian-gcc | 1.3-3 | 9.25 | 109.19 | 118.44 | OK | |
r-devel-linux-x86_64-fedora-clang | 1.3-3 | 287.47 | OK | |||
r-devel-linux-x86_64-fedora-gcc | 1.3-2 | 272.77 | OK | |||
r-devel-macos-arm64 | 1.3-2 | 93.00 | OK | |||
r-devel-macos-x86_64 | 1.3-3 | 194.00 | OK | |||
r-devel-windows-x86_64 | 1.3-3 | 14.00 | 210.00 | 224.00 | OK | |
r-patched-linux-x86_64 | 1.3-3 | 11.71 | 145.70 | 157.41 | OK | |
r-release-linux-x86_64 | 1.3-3 | 11.37 | 141.16 | 152.53 | OK | |
r-release-macos-arm64 | 1.3-2 | 92.00 | OK | |||
r-release-macos-x86_64 | 1.3-3 | 214.00 | OK | |||
r-release-windows-x86_64 | 1.3-3 | 18.00 | 205.00 | 223.00 | OK | |
r-oldrel-macos-arm64 | 1.3-2 | 109.00 | OK | |||
r-oldrel-macos-x86_64 | 1.3-3 | 209.00 | OK | |||
r-oldrel-windows-x86_64 | 1.3-3 | 13.00 | 221.00 | 234.00 | OK |
Version: 1.3-2
Check: for unstated dependencies in ‘demo’
Result: NOTE
'library' or 'require' calls not declared from:
‘googleVis’ ‘spdep’
Flavor: r-devel-linux-x86_64-debian-clang
These binaries (installable software) and packages are in development.
They may not be fully stable and should be used with caution. We make no claims about them.