Last updated on 2025-05-01 17:56:17 CEST.
Flavor | Version | Tinstall | Tcheck | Ttotal | Status | Flags |
---|---|---|---|---|---|---|
r-devel-linux-x86_64-debian-clang | 2.11-1 | 43.16 | 137.56 | 180.72 | OK | |
r-devel-linux-x86_64-debian-gcc | 2.11-1 | 26.81 | 97.46 | 124.27 | OK | |
r-devel-linux-x86_64-fedora-clang | 2.11-1 | 292.19 | OK | |||
r-devel-linux-x86_64-fedora-gcc | 2.11-1 | 288.88 | OK | |||
r-devel-windows-x86_64 | 2.11-1 | 51.00 | 195.00 | 246.00 | OK | |
r-patched-linux-x86_64 | 2.11-1 | 35.52 | 132.77 | 168.29 | OK | |
r-release-linux-x86_64 | OK | |||||
r-release-macos-arm64 | 2.11-1 | 88.00 | OK | |||
r-release-macos-x86_64 | 2.11-1 | 160.00 | OK | |||
r-release-windows-x86_64 | 2.11-1 | 52.00 | 205.00 | 257.00 | OK | |
r-oldrel-macos-arm64 | 2.11-1 | 101.00 | OK | |||
r-oldrel-macos-x86_64 | 2.11-1 | 217.00 | NOTE | |||
r-oldrel-windows-x86_64 | 2.11-1 | 59.00 | 227.00 | 286.00 | OK |
Version: 2.11-1
Check: installed package size
Result: NOTE
installed size is 5.6Mb
sub-directories of 1Mb or more:
R 2.0Mb
doc 1.3Mb
libs 1.5Mb
Flavor: r-oldrel-macos-x86_64
These binaries (installable software) and packages are in development.
They may not be fully stable and should be used with caution. We make no claims about them.