Last updated on 2025-10-24 01:50:41 CEST.
| Flavor | Version | Tinstall | Tcheck | Ttotal | Status | Flags |
|---|---|---|---|---|---|---|
| r-devel-linux-x86_64-debian-clang | 1.0.4 | 3.07 | 30.26 | 33.33 | NOTE | |
| r-devel-linux-x86_64-debian-gcc | 1.0.4 | 2.27 | 22.22 | 24.49 | NOTE | |
| r-devel-linux-x86_64-fedora-clang | 1.0.4 | 14.00 | 36.97 | 50.97 | NOTE | |
| r-devel-linux-x86_64-fedora-gcc | 1.0.4 | 47.89 | NOTE | |||
| r-devel-windows-x86_64 | 1.0.4 | 6.00 | 45.00 | 51.00 | OK | |
| r-patched-linux-x86_64 | 1.0.4 | 3.09 | 28.31 | 31.40 | OK | |
| r-release-linux-x86_64 | 1.0.4 | 2.85 | 28.29 | 31.14 | OK | |
| r-release-macos-arm64 | 1.0.4 | 3.00 | 17.00 | 20.00 | OK | |
| r-release-macos-x86_64 | 1.0.4 | 8.00 | 44.00 | 52.00 | OK | |
| r-release-windows-x86_64 | 1.0.4 | 6.00 | 50.00 | 56.00 | OK | |
| r-oldrel-macos-arm64 | 1.0.4 | 2.00 | 22.00 | 24.00 | OK | |
| r-oldrel-macos-x86_64 | 1.0.4 | 4.00 | 30.00 | 34.00 | OK | |
| r-oldrel-windows-x86_64 | 1.0.4 | 5.00 | 45.00 | 50.00 | OK |
Version: 1.0.4
Check: CRAN incoming feasibility
Result: NOTE
Maintainer: ‘Daniela Witten <dwitten@u.washington.edu>’
No Authors@R field in DESCRIPTION.
Please add one, modifying
Authors@R: c(person(given = c("Daniela", "M."),
family = "Witten",
role = "aut"),
person(given = "Robert",
family = "Tibshirani",
role = "aut"),
person(given = "Daniela",
family = "Witten",
role = "cre",
email = "dwitten@u.washington.edu"))
as necessary.
Flavors: r-devel-linux-x86_64-debian-clang, r-devel-linux-x86_64-debian-gcc
Version: 1.0.4
Check: compiled code
Result: NOTE
File ‘sparcl/libs/sparcl.so’:
Found no calls to: ‘R_registerRoutines’, ‘R_useDynamicSymbols’
It is good practice to register native routines and to disable symbol
search.
See ‘Writing portable packages’ in the ‘Writing R Extensions’ manual.
Flavors: r-devel-linux-x86_64-fedora-clang, r-devel-linux-x86_64-fedora-gcc
These binaries (installable software) and packages are in development.
They may not be fully stable and should be used with caution. We make no claims about them.