CRAN Package Check Results for Package sparkbq

Last updated on 2025-07-01 15:50:03 CEST.

Flavor Version Tinstall Tcheck Ttotal Status Flags
r-devel-linux-x86_64-debian-clang 0.1.1 6.57 53.12 59.69 OK
r-devel-linux-x86_64-debian-gcc 0.1.1 3.88 37.85 41.73 OK
r-devel-linux-x86_64-fedora-clang 0.1.1 91.36 OK
r-devel-linux-x86_64-fedora-gcc 0.1.1 86.97 OK
r-devel-windows-x86_64 0.1.1 8.00 63.00 71.00 OK
r-patched-linux-x86_64 OK
r-release-linux-x86_64 0.1.1 5.28 47.85 53.13 OK
r-release-macos-arm64 0.1.1 28.00 OK
r-release-macos-x86_64 0.1.1 57.00 OK
r-release-windows-x86_64 0.1.1 7.00 66.00 73.00 OK
r-oldrel-macos-arm64 0.1.1 27.00 NOTE
r-oldrel-macos-x86_64 0.1.1 40.00 NOTE
r-oldrel-windows-x86_64 0.1.1 10.00 76.00 86.00 NOTE

Check Details

Version: 0.1.1
Check: LazyData
Result: NOTE 'LazyData' is specified without a 'data' directory Flavors: r-oldrel-macos-arm64, r-oldrel-macos-x86_64, r-oldrel-windows-x86_64

These binaries (installable software) and packages are in development.
They may not be fully stable and should be used with caution. We make no claims about them.