Last updated on 2025-02-23 07:52:10 CET.
Flavor | Version | Tinstall | Tcheck | Ttotal | Status | Flags |
---|---|---|---|---|---|---|
r-devel-linux-x86_64-debian-clang | 0.1.1 | 5.94 | 49.75 | 55.69 | OK | |
r-devel-linux-x86_64-debian-gcc | 0.1.1 | 4.46 | 35.44 | 39.90 | OK | |
r-devel-linux-x86_64-fedora-clang | 0.1.1 | 86.84 | OK | |||
r-devel-linux-x86_64-fedora-gcc | 0.1.1 | 83.97 | OK | |||
r-devel-macos-arm64 | 0.1.1 | 27.00 | OK | |||
r-devel-macos-x86_64 | 0.1.1 | 57.00 | OK | |||
r-devel-windows-x86_64 | 0.1.1 | 8.00 | 63.00 | 71.00 | OK | |
r-patched-linux-x86_64 | 0.1.1 | 6.06 | 45.55 | 51.61 | NOTE | |
r-release-linux-x86_64 | 0.1.1 | 5.90 | 46.53 | 52.43 | NOTE | |
r-release-macos-arm64 | 0.1.1 | 27.00 | NOTE | |||
r-release-macos-x86_64 | 0.1.1 | 40.00 | NOTE | |||
r-release-windows-x86_64 | 0.1.1 | 7.00 | 63.00 | 70.00 | NOTE | |
r-oldrel-macos-arm64 | 0.1.1 | 29.00 | NOTE | |||
r-oldrel-macos-x86_64 | 0.1.1 | 48.00 | NOTE | |||
r-oldrel-windows-x86_64 | 0.1.1 | 9.00 | 75.00 | 84.00 | NOTE |
Version: 0.1.1
Check: LazyData
Result: NOTE
'LazyData' is specified without a 'data' directory
Flavors: r-patched-linux-x86_64, r-release-linux-x86_64, r-release-macos-arm64, r-release-macos-x86_64, r-release-windows-x86_64, r-oldrel-macos-arm64, r-oldrel-macos-x86_64, r-oldrel-windows-x86_64
These binaries (installable software) and packages are in development.
They may not be fully stable and should be used with caution. We make no claims about them.