CRAN Package Check Results for Package sparklyr

Last updated on 2025-07-17 11:50:47 CEST.

Flavor Version Tinstall Tcheck Ttotal Status Flags
r-devel-linux-x86_64-debian-clang 1.9.1 31.46 171.98 203.44 OK
r-devel-linux-x86_64-debian-gcc 1.9.1 17.39 109.82 127.21 OK
r-devel-linux-x86_64-fedora-clang 1.9.1 308.16 OK
r-devel-linux-x86_64-fedora-gcc 1.9.1 295.20 OK
r-devel-windows-x86_64 1.9.1 33.00 214.00 247.00 OK
r-patched-linux-x86_64 1.9.1 37.82 156.30 194.12 OK
r-release-linux-x86_64 1.9.1 28.67 155.92 184.59 OK
r-release-macos-arm64 1.9.1 64.00 OK
r-release-macos-x86_64 1.9.1 189.00 OK
r-release-windows-x86_64 1.9.1 38.00 201.00 239.00 OK
r-oldrel-macos-arm64 1.9.1 75.00 NOTE
r-oldrel-macos-x86_64 1.9.1 176.00 NOTE
r-oldrel-windows-x86_64 1.9.1 45.00 238.00 283.00 OK

Check Details

Version: 1.9.1
Check: installed package size
Result: NOTE installed size is 5.2Mb sub-directories of 1Mb or more: R 2.0Mb java 1.9Mb Flavors: r-oldrel-macos-arm64, r-oldrel-macos-x86_64

These binaries (installable software) and packages are in development.
They may not be fully stable and should be used with caution. We make no claims about them.