Last updated on 2025-02-16 08:51:01 CET.
Flavor | Version | Tinstall | Tcheck | Ttotal | Status | Flags |
---|---|---|---|---|---|---|
r-devel-linux-x86_64-debian-clang | 1.8.6 | 32.35 | 163.81 | 196.16 | OK | |
r-devel-linux-x86_64-debian-gcc | 1.8.6 | 19.23 | 104.89 | 124.12 | OK | |
r-devel-linux-x86_64-fedora-clang | 1.8.6 | 329.72 | OK | |||
r-devel-linux-x86_64-fedora-gcc | 1.8.6 | 285.34 | OK | |||
r-devel-macos-arm64 | 1.8.6 | 74.00 | OK | |||
r-devel-macos-x86_64 | 1.8.6 | 155.00 | OK | |||
r-devel-windows-x86_64 | 1.8.6 | 36.00 | 200.00 | 236.00 | OK | |
r-patched-linux-x86_64 | 1.8.6 | 35.44 | 147.46 | 182.90 | OK | |
r-release-linux-x86_64 | 1.8.6 | 27.14 | 148.52 | 175.66 | OK | |
r-release-macos-arm64 | 1.8.6 | 72.00 | NOTE | |||
r-release-macos-x86_64 | 1.8.6 | 111.00 | NOTE | |||
r-release-windows-x86_64 | 1.8.6 | 33.00 | 200.00 | 233.00 | OK | |
r-oldrel-macos-arm64 | 1.8.6 | 80.00 | NOTE | |||
r-oldrel-macos-x86_64 | 1.8.6 | 177.00 | NOTE | |||
r-oldrel-windows-x86_64 | 1.8.6 | 46.00 | 231.00 | 277.00 | OK |
Version: 1.8.6
Check: installed package size
Result: NOTE
installed size is 5.1Mb
sub-directories of 1Mb or more:
R 2.1Mb
java 1.8Mb
Flavors: r-release-macos-arm64, r-release-macos-x86_64, r-oldrel-macos-arm64, r-oldrel-macos-x86_64
These binaries (installable software) and packages are in development.
They may not be fully stable and should be used with caution. We make no claims about them.