Last updated on 2025-02-16 08:51:01 CET.
Flavor | Version | Tinstall | Tcheck | Ttotal | Status | Flags |
---|---|---|---|---|---|---|
r-devel-linux-x86_64-debian-clang | 0.0.4 | 6.82 | 56.75 | 63.57 | NOTE | |
r-devel-linux-x86_64-debian-gcc | 0.0.4 | 4.51 | 39.38 | 43.89 | NOTE | |
r-devel-linux-x86_64-fedora-clang | 0.0.4 | 104.22 | NOTE | |||
r-devel-linux-x86_64-fedora-gcc | 0.0.4 | 90.27 | NOTE | |||
r-devel-macos-arm64 | 0.0.4 | 28.00 | NOTE | |||
r-devel-macos-x86_64 | 0.0.4 | 51.00 | NOTE | |||
r-devel-windows-x86_64 | 0.0.4 | 9.00 | 67.00 | 76.00 | NOTE | |
r-patched-linux-x86_64 | 0.0.4 | 5.25 | 50.92 | 56.17 | NOTE | |
r-release-linux-x86_64 | 0.0.4 | 6.33 | 49.76 | 56.09 | NOTE | |
r-release-macos-arm64 | 0.0.4 | 29.00 | NOTE | |||
r-release-macos-x86_64 | 0.0.4 | 45.00 | NOTE | |||
r-release-windows-x86_64 | 0.0.4 | 7.00 | 68.00 | 75.00 | NOTE | |
r-oldrel-macos-arm64 | 0.0.4 | 29.00 | OK | |||
r-oldrel-macos-x86_64 | 0.0.4 | 55.00 | OK | |||
r-oldrel-windows-x86_64 | 0.0.4 | 11.00 | 81.00 | 92.00 | OK |
Version: 0.0.4
Check: Rd files
Result: NOTE
checkRd: (-1) sdf_unnest.Rd:20: Lost braces
20 | \code{a1, a2, a3}, then code{sdf_explode(df, a)} will produce output with each record replicated
| ^
Flavors: r-devel-linux-x86_64-debian-clang, r-devel-linux-x86_64-debian-gcc, r-devel-linux-x86_64-fedora-clang, r-devel-linux-x86_64-fedora-gcc, r-devel-macos-arm64, r-devel-macos-x86_64, r-devel-windows-x86_64, r-patched-linux-x86_64, r-release-linux-x86_64, r-release-macos-arm64, r-release-macos-x86_64, r-release-windows-x86_64
These binaries (installable software) and packages are in development.
They may not be fully stable and should be used with caution. We make no claims about them.