Last updated on 2024-07-27 15:50:34 CEST.
Flavor | Version | Tinstall | Tcheck | Ttotal | Status | Flags |
---|---|---|---|---|---|---|
r-devel-linux-x86_64-debian-clang | 0.0.4 | 6.82 | 68.63 | 75.45 | NOTE | |
r-devel-linux-x86_64-debian-gcc | 0.0.4 | NOTE | ||||
r-devel-linux-x86_64-fedora-clang | 0.0.4 | 98.05 | NOTE | |||
r-devel-linux-x86_64-fedora-gcc | 0.0.4 | 89.73 | NOTE | |||
r-devel-windows-x86_64 | 0.0.4 | 10.00 | 68.00 | 78.00 | NOTE | |
r-patched-linux-x86_64 | 0.0.4 | NOTE | ||||
r-release-linux-x86_64 | 0.0.4 | 4.61 | 64.49 | 69.10 | NOTE | |
r-release-macos-arm64 | 0.0.4 | 29.00 | NOTE | |||
r-release-macos-x86_64 | 0.0.4 | 45.00 | NOTE | |||
r-release-windows-x86_64 | 0.0.4 | 8.00 | 68.00 | 76.00 | NOTE | |
r-oldrel-macos-arm64 | 0.0.4 | 29.00 | OK | |||
r-oldrel-macos-x86_64 | 0.0.4 | 55.00 | OK | |||
r-oldrel-windows-x86_64 | 0.0.4 | 10.00 | 77.00 | 87.00 | OK |
Version: 0.0.4
Check: Rd files
Result: NOTE
checkRd: (-1) sdf_unnest.Rd:20: Lost braces
20 | \code{a1, a2, a3}, then code{sdf_explode(df, a)} will produce output with each record replicated
| ^
Flavors: r-devel-linux-x86_64-debian-clang, r-devel-linux-x86_64-debian-gcc, r-devel-linux-x86_64-fedora-clang, r-devel-linux-x86_64-fedora-gcc, r-devel-windows-x86_64, r-patched-linux-x86_64, r-release-linux-x86_64, r-release-macos-arm64, r-release-macos-x86_64, r-release-windows-x86_64
These binaries (installable software) and packages are in development.
They may not be fully stable and should be used with caution. We make no claims about them.