Last updated on 2025-11-11 15:50:48 CET.
| Flavor | Version | Tinstall | Tcheck | Ttotal | Status | Flags |
|---|---|---|---|---|---|---|
| r-devel-linux-x86_64-debian-clang | 0.0.4 | 7.40 | 56.27 | 63.67 | NOTE | |
| r-devel-linux-x86_64-debian-gcc | 0.0.4 | 4.56 | 39.42 | 43.98 | NOTE | |
| r-devel-linux-x86_64-fedora-clang | 0.0.4 | 51.00 | 55.34 | 106.34 | NOTE | |
| r-devel-linux-x86_64-fedora-gcc | 0.0.4 | 16.00 | 76.16 | 92.16 | NOTE | |
| r-devel-windows-x86_64 | 0.0.4 | 10.00 | 68.00 | 78.00 | NOTE | |
| r-patched-linux-x86_64 | 0.0.4 | 5.85 | 53.17 | 59.02 | NOTE | |
| r-release-linux-x86_64 | 0.0.4 | 5.85 | 52.96 | 58.81 | NOTE | |
| r-release-macos-arm64 | 0.0.4 | 3.00 | 27.00 | 30.00 | NOTE | |
| r-release-macos-x86_64 | 0.0.4 | 6.00 | 45.00 | 51.00 | NOTE | |
| r-release-windows-x86_64 | 0.0.4 | 11.00 | 65.00 | 76.00 | NOTE | |
| r-oldrel-macos-arm64 | 0.0.4 | 3.00 | 26.00 | 29.00 | NOTE | |
| r-oldrel-macos-x86_64 | 0.0.4 | 5.00 | 40.00 | 45.00 | NOTE | |
| r-oldrel-windows-x86_64 | 0.0.4 | 10.00 | 83.00 | 93.00 | NOTE |
Version: 0.0.4
Check: Rd files
Result: NOTE
checkRd: (-1) sdf_unnest.Rd:20: Lost braces
20 | \code{a1, a2, a3}, then code{sdf_explode(df, a)} will produce output with each record replicated
| ^
Flavors: r-devel-linux-x86_64-debian-clang, r-devel-linux-x86_64-debian-gcc, r-devel-linux-x86_64-fedora-clang, r-devel-linux-x86_64-fedora-gcc, r-devel-windows-x86_64, r-patched-linux-x86_64, r-release-linux-x86_64, r-release-macos-arm64, r-release-macos-x86_64, r-release-windows-x86_64, r-oldrel-macos-arm64, r-oldrel-macos-x86_64, r-oldrel-windows-x86_64
These binaries (installable software) and packages are in development.
They may not be fully stable and should be used with caution. We make no claims about them.