CRAN Package Check Results for Package sparktex

Last updated on 2025-07-01 15:50:03 CEST.

Flavor Version Tinstall Tcheck Ttotal Status Flags
r-devel-linux-x86_64-debian-clang 0.1 1.62 18.73 20.35 NOTE
r-devel-linux-x86_64-debian-gcc 0.1 1.32 15.41 16.73 NOTE
r-devel-linux-x86_64-fedora-clang 0.1 31.31 OK
r-devel-linux-x86_64-fedora-gcc 0.1 29.46 OK
r-devel-windows-x86_64 0.1 4.00 41.00 45.00 OK
r-patched-linux-x86_64 OK
r-release-linux-x86_64 0.1 1.64 17.70 19.34 OK
r-release-macos-arm64 0.1 15.00 OK
r-release-macos-x86_64 0.1 23.00 OK
r-release-windows-x86_64 0.1 4.00 44.00 48.00 OK
r-oldrel-macos-arm64 0.1 14.00 OK
r-oldrel-macos-x86_64 0.1 20.00 OK
r-oldrel-windows-x86_64 0.1 3.00 41.00 44.00 OK

Check Details

Version: 0.1
Check: CRAN incoming feasibility
Result: NOTE Maintainer: ‘Thomas Leeper <thosjleeper@gmail.com>’ Package CITATION file contains call(s) to old-style personList() or as.personList(). Please use c() on person objects instead. Package CITATION file contains call(s) to old-style citEntry(). Please use bibentry() instead. Flavors: r-devel-linux-x86_64-debian-clang, r-devel-linux-x86_64-debian-gcc

These binaries (installable software) and packages are in development.
They may not be fully stable and should be used with caution. We make no claims about them.