Last updated on 2025-05-01 08:52:46 CEST.
Flavor | Version | Tinstall | Tcheck | Ttotal | Status | Flags |
---|---|---|---|---|---|---|
r-devel-linux-x86_64-debian-clang | 0.1.6 | 15.15 | 56.54 | 71.69 | NOTE | |
r-devel-linux-x86_64-debian-gcc | 0.1.6 | 10.98 | 40.01 | 50.99 | NOTE | |
r-devel-linux-x86_64-fedora-clang | 0.1.6 | 112.89 | NOTE | |||
r-devel-linux-x86_64-fedora-gcc | 0.1.6 | 103.27 | NOTE | |||
r-devel-windows-x86_64 | 0.1.6 | 18.00 | 89.00 | 107.00 | NOTE | |
r-patched-linux-x86_64 | 0.1.6 | 13.40 | 50.95 | 64.35 | NOTE | |
r-release-linux-x86_64 | NOTE | |||||
r-release-macos-arm64 | 0.1.6 | 33.00 | NOTE | |||
r-release-macos-x86_64 | 0.1.6 | 62.00 | NOTE | |||
r-release-windows-x86_64 | 0.1.6 | 18.00 | 92.00 | 110.00 | NOTE | |
r-oldrel-macos-arm64 | 0.1.6 | 33.00 | NOTE | |||
r-oldrel-macos-x86_64 | 0.1.6 | 50.00 | NOTE | |||
r-oldrel-windows-x86_64 | 0.1.6 | 22.00 | 103.00 | 125.00 | NOTE |
Version: 0.1.6
Check: CRAN incoming feasibility
Result: NOTE
Maintainer: ‘Edgar Ruiz <edgar@rstudio.com>’
The BugReports field in DESCRIPTION has
https://github.com/r-spark/sparkwarc
which should likely be
https://github.com/r-spark/sparkwarc/issues
instead.
Flavors: r-devel-linux-x86_64-debian-clang, r-devel-linux-x86_64-debian-gcc
Version: 0.1.6
Check: C++ specification
Result: NOTE
Specified C++11: please drop specification unless essential
Flavors: r-devel-linux-x86_64-debian-clang, r-devel-linux-x86_64-debian-gcc, r-devel-linux-x86_64-fedora-clang, r-devel-linux-x86_64-fedora-gcc, r-devel-windows-x86_64, r-patched-linux-x86_64, r-release-linux-x86_64, r-release-macos-arm64, r-release-macos-x86_64, r-release-windows-x86_64, r-oldrel-macos-arm64, r-oldrel-macos-x86_64, r-oldrel-windows-x86_64
These binaries (installable software) and packages are in development.
They may not be fully stable and should be used with caution. We make no claims about them.