CRAN Package Check Results for Package sparkwarc

Last updated on 2025-10-23 17:51:03 CEST.

Flavor Version Tinstall Tcheck Ttotal Status Flags
r-devel-linux-x86_64-debian-clang 0.1.6 14.82 58.56 73.38 NOTE
r-devel-linux-x86_64-debian-gcc 0.1.6 11.02 40.80 51.82 NOTE
r-devel-linux-x86_64-fedora-clang 0.1.6 78.00 40.54 118.54 NOTE
r-devel-linux-x86_64-fedora-gcc 0.1.6 35.00 68.87 103.87 NOTE
r-devel-windows-x86_64 0.1.6 19.00 79.00 98.00 NOTE
r-patched-linux-x86_64 0.1.6 13.50 52.43 65.93 NOTE
r-release-linux-x86_64 0.1.6 13.97 52.05 66.02 NOTE
r-release-macos-arm64 0.1.6 7.00 26.00 33.00 NOTE
r-release-macos-x86_64 0.1.6 13.00 49.00 62.00 NOTE
r-release-windows-x86_64 0.1.6 20.00 83.00 103.00 NOTE
r-oldrel-macos-arm64 0.1.6 7.00 26.00 33.00 NOTE
r-oldrel-macos-x86_64 0.1.6 12.00 38.00 50.00 NOTE
r-oldrel-windows-x86_64 0.1.6 24.00 103.00 127.00 NOTE

Check Details

Version: 0.1.6
Check: CRAN incoming feasibility
Result: NOTE Maintainer: ‘Edgar Ruiz <edgar@rstudio.com>’ The BugReports field in DESCRIPTION has https://github.com/r-spark/sparkwarc which should likely be https://github.com/r-spark/sparkwarc/issues instead. Flavors: r-devel-linux-x86_64-debian-clang, r-devel-linux-x86_64-debian-gcc

Version: 0.1.6
Check: C++ specification
Result: NOTE Specified C++11: please drop specification unless essential Flavors: r-devel-linux-x86_64-debian-clang, r-devel-linux-x86_64-debian-gcc, r-devel-linux-x86_64-fedora-clang, r-devel-linux-x86_64-fedora-gcc, r-devel-windows-x86_64, r-patched-linux-x86_64, r-release-linux-x86_64, r-release-macos-arm64, r-release-macos-x86_64, r-release-windows-x86_64, r-oldrel-macos-arm64, r-oldrel-macos-x86_64, r-oldrel-windows-x86_64

Version: 0.1.6
Check: HTML version of manual
Result: NOTE Found the following HTML validation problems: rcpp_read_warc_sample.html:52:1 (rcpp_read_warc_sample.Rd:14): Warning: missing </ul> before </div> spark_rcpp_read_warc.html:55:1 (spark_rcpp_read_warc.Rd:15): Warning: missing </ul> before </div> spark_read_warc_sample.html:56:1 (spark_read_warc_sample.Rd:16): Warning: missing </ul> before </div> Flavor: r-devel-linux-x86_64-debian-clang

These binaries (installable software) and packages are in development.
They may not be fully stable and should be used with caution. We make no claims about them.