Last updated on 2025-07-02 01:51:51 CEST.
Flavor | Version | Tinstall | Tcheck | Ttotal | Status | Flags |
---|---|---|---|---|---|---|
r-devel-linux-x86_64-debian-clang | 0.2.0 | 7.58 | 56.30 | 63.88 | NOTE | |
r-devel-linux-x86_64-debian-gcc | 0.2.0 | 5.08 | 38.95 | 44.03 | NOTE | |
r-devel-linux-x86_64-fedora-clang | 0.2.0 | 95.04 | OK | |||
r-devel-linux-x86_64-fedora-gcc | 0.2.0 | 91.64 | OK | |||
r-devel-windows-x86_64 | 0.2.0 | 8.00 | 65.00 | 73.00 | NOTE | |
r-patched-linux-x86_64 | NOTE | |||||
r-release-linux-x86_64 | 0.2.0 | 6.25 | 49.68 | 55.93 | NOTE | |
r-release-macos-arm64 | 0.2.0 | 29.00 | OK | |||
r-release-macos-x86_64 | 0.2.0 | 53.00 | OK | |||
r-release-windows-x86_64 | 0.2.0 | 7.00 | 66.00 | 73.00 | NOTE | |
r-oldrel-macos-arm64 | 0.2.0 | 29.00 | OK | |||
r-oldrel-macos-x86_64 | 0.2.0 | 45.00 | OK | |||
r-oldrel-windows-x86_64 | 0.2.0 | 11.00 | 80.00 | 91.00 | OK |
Version: 0.2.0
Check: Rd cross-references
Result: NOTE
Found the following Rd file(s) with Rd \link{} targets missing package
anchors:
xgboost_classifier.Rd: ft_r_formula
xgboost_regressor.Rd: ft_r_formula, ml_save
Please provide package anchors for all Rd \link{} targets not in the
package itself and the base packages.
Flavors: r-devel-linux-x86_64-debian-clang, r-devel-linux-x86_64-debian-gcc, r-devel-windows-x86_64, r-patched-linux-x86_64, r-release-linux-x86_64, r-release-windows-x86_64
These binaries (installable software) and packages are in development.
They may not be fully stable and should be used with caution. We make no claims about them.