Last updated on 2025-02-16 08:51:01 CET.
Flavor | Version | Tinstall | Tcheck | Ttotal | Status | Flags |
---|---|---|---|---|---|---|
r-devel-linux-x86_64-debian-clang | 0.2.0 | 7.10 | 53.02 | 60.12 | NOTE | |
r-devel-linux-x86_64-debian-gcc | 0.2.0 | 5.20 | 37.14 | 42.34 | NOTE | |
r-devel-linux-x86_64-fedora-clang | 0.2.0 | 94.74 | OK | |||
r-devel-linux-x86_64-fedora-gcc | 0.2.0 | 88.73 | OK | |||
r-devel-macos-arm64 | 0.2.0 | 27.00 | OK | |||
r-devel-macos-x86_64 | 0.2.0 | 53.00 | OK | |||
r-devel-windows-x86_64 | 0.2.0 | 8.00 | 62.00 | 70.00 | NOTE | |
r-patched-linux-x86_64 | 0.2.0 | 12.86 | 48.64 | 61.50 | OK | |
r-release-linux-x86_64 | 0.2.0 | 6.03 | 47.74 | 53.77 | OK | |
r-release-macos-arm64 | 0.2.0 | 29.00 | OK | |||
r-release-macos-x86_64 | 0.2.0 | 45.00 | OK | |||
r-release-windows-x86_64 | 0.2.0 | 8.00 | 67.00 | 75.00 | OK | |
r-oldrel-macos-arm64 | 0.2.0 | 36.00 | OK | |||
r-oldrel-macos-x86_64 | 0.2.0 | 54.00 | OK | |||
r-oldrel-windows-x86_64 | 0.2.0 | 11.00 | 86.00 | 97.00 | OK |
Version: 0.2.0
Check: Rd cross-references
Result: NOTE
Found the following Rd file(s) with Rd \link{} targets missing package
anchors:
xgboost_classifier.Rd: ft_r_formula
xgboost_regressor.Rd: ft_r_formula, ml_save
Please provide package anchors for all Rd \link{} targets not in the
package itself and the base packages.
Flavors: r-devel-linux-x86_64-debian-clang, r-devel-linux-x86_64-debian-gcc, r-devel-windows-x86_64
These binaries (installable software) and packages are in development.
They may not be fully stable and should be used with caution. We make no claims about them.