CRAN Package Check Results for Package sparkxgb

Last updated on 2025-05-08 04:52:19 CEST.

Flavor Version Tinstall Tcheck Ttotal Status Flags
r-devel-linux-x86_64-debian-clang 0.2.0 6.25 55.52 61.77 NOTE
r-devel-linux-x86_64-debian-gcc 0.2.0 5.00 39.17 44.17 NOTE
r-devel-linux-x86_64-fedora-clang 0.2.0 94.42 OK
r-devel-linux-x86_64-fedora-gcc 0.2.0 89.21 OK
r-devel-windows-x86_64 0.2.0 7.00 65.00 72.00 NOTE
r-patched-linux-x86_64 0.2.0 7.22 50.14 57.36 NOTE
r-release-linux-x86_64 0.2.0 5.31 49.46 54.77 NOTE
r-release-macos-arm64 0.2.0 29.00 OK
r-release-macos-x86_64 0.2.0 53.00 OK
r-release-windows-x86_64 0.2.0 7.00 65.00 72.00 NOTE
r-oldrel-macos-arm64 0.2.0 29.00 OK
r-oldrel-macos-x86_64 0.2.0 45.00 OK
r-oldrel-windows-x86_64 0.2.0 11.00 75.00 86.00 OK

Check Details

Version: 0.2.0
Check: Rd cross-references
Result: NOTE Found the following Rd file(s) with Rd \link{} targets missing package anchors: xgboost_classifier.Rd: ft_r_formula xgboost_regressor.Rd: ft_r_formula, ml_save Please provide package anchors for all Rd \link{} targets not in the package itself and the base packages. Flavors: r-devel-linux-x86_64-debian-clang, r-devel-linux-x86_64-debian-gcc, r-devel-windows-x86_64, r-patched-linux-x86_64, r-release-linux-x86_64, r-release-windows-x86_64

These binaries (installable software) and packages are in development.
They may not be fully stable and should be used with caution. We make no claims about them.