Last updated on 2025-07-27 03:50:22 CEST.
Flavor | Version | Tinstall | Tcheck | Ttotal | Status | Flags |
---|---|---|---|---|---|---|
r-devel-linux-x86_64-debian-clang | 0.2.8 | 28.89 | 320.92 | 349.81 | NOTE | |
r-devel-linux-x86_64-debian-gcc | 0.2.8 | 25.33 | 223.22 | 248.55 | NOTE | |
r-devel-linux-x86_64-fedora-clang | 0.2.8 | 568.80 | OK | |||
r-devel-linux-x86_64-fedora-gcc | 0.2.8 | 556.32 | OK | |||
r-devel-windows-x86_64 | 0.2.8 | 30.00 | 265.00 | 295.00 | NOTE | |
r-patched-linux-x86_64 | 0.2.8 | 38.83 | 343.38 | 382.21 | NOTE | |
r-release-linux-x86_64 | 0.2.8 | 38.94 | 344.44 | 383.38 | NOTE | |
r-release-macos-arm64 | 0.2.8 | 296.00 | OK | |||
r-release-macos-x86_64 | 0.2.8 | 350.00 | OK | |||
r-release-windows-x86_64 | 0.2.8 | 27.00 | 242.00 | 269.00 | NOTE | |
r-oldrel-macos-arm64 | 0.2.8 | 290.00 | OK | |||
r-oldrel-macos-x86_64 | 0.2.8 | 286.00 | OK | |||
r-oldrel-windows-x86_64 | 0.2.8 | 37.00 | 321.00 | 358.00 | OK |
Version: 0.2.8
Check: Rd cross-references
Result: NOTE
Found the following Rd file(s) with Rd \link{} targets missing package
anchors:
sparrpowR-package.Rd: sparr, spatstat.random, spatstat.geom, terra,
doFuture, doRNG
spatial_data.Rd: spatstat.random
spatial_power.Rd: spatstat.random
Please provide package anchors for all Rd \link{} targets not in the
package itself and the base packages.
Flavors: r-devel-linux-x86_64-debian-clang, r-devel-linux-x86_64-debian-gcc, r-devel-windows-x86_64, r-patched-linux-x86_64, r-release-linux-x86_64, r-release-windows-x86_64
These binaries (installable software) and packages are in development.
They may not be fully stable and should be used with caution. We make no claims about them.