Last updated on 2025-02-16 08:51:01 CET.
Flavor | Version | Tinstall | Tcheck | Ttotal | Status | Flags |
---|---|---|---|---|---|---|
r-devel-linux-x86_64-debian-clang | 0.1.0 | 2.40 | 82.57 | 84.97 | OK | |
r-devel-linux-x86_64-debian-gcc | 0.1.0 | 1.71 | 71.28 | 72.99 | OK | |
r-devel-linux-x86_64-fedora-clang | 0.1.0 | 147.02 | OK | |||
r-devel-linux-x86_64-fedora-gcc | 0.1.0 | 206.26 | OK | |||
r-devel-macos-arm64 | 0.1.0 | 60.00 | OK | |||
r-devel-macos-x86_64 | 0.1.0 | 140.00 | OK | |||
r-devel-windows-x86_64 | 0.1.0 | 3.00 | 107.00 | 110.00 | OK | |
r-patched-linux-x86_64 | 0.1.0 | 2.29 | 105.31 | 107.60 | NOTE | |
r-release-linux-x86_64 | 0.1.0 | 2.32 | 102.47 | 104.79 | NOTE | |
r-release-macos-arm64 | 0.1.0 | 58.00 | NOTE | |||
r-release-macos-x86_64 | 0.1.0 | 94.00 | NOTE | |||
r-release-windows-x86_64 | 0.1.0 | 3.00 | 114.00 | 117.00 | NOTE | |
r-oldrel-macos-arm64 | 0.1.0 | 62.00 | NOTE | |||
r-oldrel-macos-x86_64 | 0.1.0 | 116.00 | NOTE | |||
r-oldrel-windows-x86_64 | 0.1.0 | 3.00 | 136.00 | 139.00 | NOTE |
Version: 0.1.0
Check: LazyData
Result: NOTE
'LazyData' is specified without a 'data' directory
Flavors: r-patched-linux-x86_64, r-release-linux-x86_64, r-release-macos-arm64, r-release-macos-x86_64, r-release-windows-x86_64, r-oldrel-macos-arm64, r-oldrel-macos-x86_64, r-oldrel-windows-x86_64
These binaries (installable software) and packages are in development.
They may not be fully stable and should be used with caution. We make no claims about them.