Last updated on 2025-05-01 15:49:45 CEST.
Flavor | Version | Tinstall | Tcheck | Ttotal | Status | Flags |
---|---|---|---|---|---|---|
r-devel-linux-x86_64-debian-clang | 0.1.1 | 2.61 | 35.51 | 38.12 | NOTE | |
r-devel-linux-x86_64-debian-gcc | 0.1.1 | 1.80 | 27.46 | 29.26 | NOTE | |
r-devel-linux-x86_64-fedora-clang | 0.1.1 | 63.35 | OK | |||
r-devel-linux-x86_64-fedora-gcc | 0.1.1 | 72.88 | OK | |||
r-devel-windows-x86_64 | 0.1.1 | 4.00 | 66.00 | 70.00 | OK | |
r-patched-linux-x86_64 | 0.1.1 | 2.55 | 33.84 | 36.39 | OK | |
r-release-linux-x86_64 | OK | |||||
r-release-macos-arm64 | 0.1.1 | 38.00 | OK | |||
r-release-macos-x86_64 | 0.1.1 | 51.00 | OK | |||
r-release-windows-x86_64 | 0.1.1 | 3.00 | 70.00 | 73.00 | OK | |
r-oldrel-macos-arm64 | 0.1.1 | 29.00 | OK | |||
r-oldrel-macos-x86_64 | 0.1.1 | 42.00 | OK | |||
r-oldrel-windows-x86_64 | 0.1.1 | 6.00 | 67.00 | 73.00 | OK |
Version: 0.1.1
Check: CRAN incoming feasibility
Result: NOTE
Maintainer: ‘Daniel P. Palomar <daniel.p.palomar@gmail.com>’
Package CITATION file contains call(s) to old-style personList() or
as.personList(). Please use c() on person objects instead.
Package CITATION file contains call(s) to old-style citEntry(). Please
use bibentry() instead.
Flavors: r-devel-linux-x86_64-debian-clang, r-devel-linux-x86_64-debian-gcc
Version: 0.1.1
Check: examples
Result: NOTE
Examples with CPU (user + system) or elapsed time > 5s
user system elapsed
spIndexTrack 6.299 0.021 7.337
Flavor: r-devel-linux-x86_64-debian-clang
These binaries (installable software) and packages are in development.
They may not be fully stable and should be used with caution. We make no claims about them.