Last updated on 2025-05-07 15:49:31 CEST.
Flavor | Version | Tinstall | Tcheck | Ttotal | Status | Flags |
---|---|---|---|---|---|---|
r-devel-linux-x86_64-debian-clang | 0.1-9 | 2.50 | 23.97 | 26.47 | NOTE | |
r-devel-linux-x86_64-debian-gcc | 0.1-9 | 1.79 | 18.71 | 20.50 | NOTE | |
r-devel-linux-x86_64-fedora-clang | 0.1-9 | 41.09 | OK | |||
r-devel-linux-x86_64-fedora-gcc | 0.1-9 | 38.63 | OK | |||
r-devel-windows-x86_64 | 0.1-9 | 5.00 | 45.00 | 50.00 | OK | |
r-patched-linux-x86_64 | 0.1-9 | 2.57 | 22.55 | 25.12 | OK | |
r-release-linux-x86_64 | 0.1-9 | 2.48 | 22.90 | 25.38 | OK | |
r-release-macos-arm64 | 0.1-9 | 18.00 | OK | |||
r-release-macos-x86_64 | 0.1-9 | 27.00 | OK | |||
r-release-windows-x86_64 | 0.1-9 | 5.00 | 44.00 | 49.00 | OK | |
r-oldrel-macos-arm64 | 0.1-9 | 17.00 | OK | |||
r-oldrel-macos-x86_64 | 0.1-9 | 23.00 | OK | |||
r-oldrel-windows-x86_64 | 0.1-9 | 4.00 | 48.00 | 52.00 | OK |
Version: 0.1-9
Check: CRAN incoming feasibility
Result: NOTE
Maintainer: ‘Max Kuhn <mxkuhn@gmail.com>’
No Authors@R field in DESCRIPTION.
Please add one, modifying
Authors@R: c(person(given = "Line",
family = "Clemmensen",
role = "aut",
email = "lhc@imm.dtu.dk"),
person(given = c("contributions", "by", "Max"),
family = "Kuhn",
role = "aut"),
person(given = "Max",
family = "Kuhn",
role = "cre",
email = "mxkuhn@gmail.com"))
as necessary.
Flavors: r-devel-linux-x86_64-debian-clang, r-devel-linux-x86_64-debian-gcc
These binaries (installable software) and packages are in development.
They may not be fully stable and should be used with caution. We make no claims about them.