CRAN Package Check Results for Package sparseLRMatrix

Last updated on 2025-10-23 17:51:03 CEST.

Flavor Version Tinstall Tcheck Ttotal Status Flags
r-devel-linux-x86_64-debian-clang 0.1.0 6.36 59.78 66.14 OK
r-devel-linux-x86_64-debian-gcc 0.1.0 4.97 44.85 49.82 OK
r-devel-linux-x86_64-fedora-clang 0.1.0 30.00 71.62 101.62 OK
r-devel-linux-x86_64-fedora-gcc 0.1.0 13.00 81.82 94.82 OK
r-devel-windows-x86_64 0.1.0 7.00 68.00 75.00 OK
r-patched-linux-x86_64 0.1.0 6.53 55.50 62.03 OK
r-release-linux-x86_64 0.1.0 5.99 55.66 61.65 OK
r-release-macos-arm64 0.1.0 3.00 30.00 33.00 OK
r-release-macos-x86_64 0.1.0 6.00 49.00 55.00 OK
r-release-windows-x86_64 0.1.0 7.00 69.00 76.00 OK
r-oldrel-macos-arm64 0.1.0 3.00 27.00 30.00 NOTE
r-oldrel-macos-x86_64 0.1.0 4.00 42.00 46.00 NOTE
r-oldrel-windows-x86_64 0.1.0 9.00 82.00 91.00 NOTE

Check Details

Version: 0.1.0
Check: LazyData
Result: NOTE 'LazyData' is specified without a 'data' directory Flavors: r-oldrel-macos-arm64, r-oldrel-macos-x86_64, r-oldrel-windows-x86_64

These binaries (installable software) and packages are in development.
They may not be fully stable and should be used with caution. We make no claims about them.