Last updated on 2025-02-16 08:51:01 CET.
Flavor | Version | Tinstall | Tcheck | Ttotal | Status | Flags |
---|---|---|---|---|---|---|
r-devel-linux-x86_64-debian-clang | 0.2.0.1 | 54.09 | 41.03 | 95.12 | OK | |
r-devel-linux-x86_64-debian-gcc | 0.2.0.1 | 40.84 | 32.97 | 73.81 | OK | |
r-devel-linux-x86_64-fedora-clang | 0.2.0.1 | 162.06 | NOTE | |||
r-devel-linux-x86_64-fedora-gcc | 0.2.0.1 | 174.98 | NOTE | |||
r-devel-macos-arm64 | 0.2.0.1 | 42.00 | OK | |||
r-devel-macos-x86_64 | 0.2.0.1 | 64.00 | OK | |||
r-devel-windows-x86_64 | 0.2.0.1 | 58.00 | 88.00 | 146.00 | OK | |
r-patched-linux-x86_64 | 0.2.0.1 | 53.69 | 41.29 | 94.98 | OK | |
r-release-linux-x86_64 | 0.2.0.1 | 51.51 | 41.07 | 92.58 | OK | |
r-release-macos-arm64 | 0.2.0.1 | 46.00 | NOTE | |||
r-release-macos-x86_64 | 0.2.0.1 | 60.00 | NOTE | |||
r-release-windows-x86_64 | 0.2.0.1 | 58.00 | 88.00 | 146.00 | OK | |
r-oldrel-macos-arm64 | 0.2.0.1 | 68.00 | NOTE | |||
r-oldrel-macos-x86_64 | 0.2.0.1 | 110.00 | NOTE | |||
r-oldrel-windows-x86_64 | 0.2.0.1 | 67.00 | 97.00 | 164.00 | OK |
Version: 0.2.0.1
Check: compiled code
Result: NOTE
File ‘sparseLTSEigen/libs/sparseLTSEigen.so’:
Found no calls to: ‘R_registerRoutines’, ‘R_useDynamicSymbols’
It is good practice to register native routines and to disable symbol
search.
See ‘Writing portable packages’ in the ‘Writing R Extensions’ manual.
Flavors: r-devel-linux-x86_64-fedora-clang, r-devel-linux-x86_64-fedora-gcc
Version: 0.2.0.1
Check: installed package size
Result: NOTE
installed size is 13.7Mb
sub-directories of 1Mb or more:
libs 13.6Mb
Flavors: r-release-macos-arm64, r-release-macos-x86_64, r-oldrel-macos-arm64, r-oldrel-macos-x86_64
These binaries (installable software) and packages are in development.
They may not be fully stable and should be used with caution. We make no claims about them.