Last updated on 2025-05-08 04:52:19 CEST.
Flavor | Version | Tinstall | Tcheck | Ttotal | Status | Flags |
---|---|---|---|---|---|---|
r-devel-linux-x86_64-debian-clang | 1.1-7 | 3.12 | 21.48 | 24.60 | OK | |
r-devel-linux-x86_64-debian-gcc | 1.1-7 | 2.44 | 16.61 | 19.05 | OK | |
r-devel-linux-x86_64-fedora-clang | 1.1-7 | 37.80 | NOTE | |||
r-devel-linux-x86_64-fedora-gcc | 1.1-7 | 36.32 | NOTE | |||
r-devel-windows-x86_64 | 1.1-7 | 5.00 | 45.00 | 50.00 | OK | |
r-patched-linux-x86_64 | 1.1-7 | 3.27 | 20.42 | 23.69 | OK | |
r-release-linux-x86_64 | 1.1-7 | 3.21 | 20.21 | 23.42 | OK | |
r-release-macos-arm64 | 1.1-7 | 20.00 | OK | |||
r-release-macos-x86_64 | 1.1-7 | 37.00 | OK | |||
r-release-windows-x86_64 | 1.1-7 | 8.00 | 51.00 | 59.00 | OK | |
r-oldrel-macos-arm64 | 1.1-7 | 18.00 | OK | |||
r-oldrel-macos-x86_64 | 1.1-7 | 37.00 | OK | |||
r-oldrel-windows-x86_64 | 1.1-7 | 7.00 | 47.00 | 54.00 | OK |
Version: 1.1-7
Check: compiled code
Result: NOTE
File ‘sparseSVM/libs/sparseSVM.so’:
Found no call to: ‘R_useDynamicSymbols’
It is good practice to register native routines and to disable symbol
search.
See ‘Writing portable packages’ in the ‘Writing R Extensions’ manual.
Flavors: r-devel-linux-x86_64-fedora-clang, r-devel-linux-x86_64-fedora-gcc
These binaries (installable software) and packages are in development.
They may not be fully stable and should be used with caution. We make no claims about them.