Last updated on 2025-02-19 17:51:05 CET.
Flavor | Version | Tinstall | Tcheck | Ttotal | Status | Flags |
---|---|---|---|---|---|---|
r-devel-linux-x86_64-debian-clang | 0.1.2 | 6.08 | 51.41 | 57.49 | OK | |
r-devel-linux-x86_64-debian-gcc | 0.1.2 | 4.38 | 38.64 | 43.02 | OK | |
r-devel-linux-x86_64-fedora-clang | 0.1.2 | 89.73 | OK | |||
r-devel-linux-x86_64-fedora-gcc | 0.1.2 | 84.29 | OK | |||
r-devel-macos-arm64 | 0.1.2 | 32.00 | OK | |||
r-devel-macos-x86_64 | 0.1.2 | 63.00 | OK | |||
r-devel-windows-x86_64 | 0.1.2 | 7.00 | 70.00 | 77.00 | OK | |
r-patched-linux-x86_64 | 0.1.2 | 5.58 | 48.62 | 54.20 | NOTE | |
r-release-linux-x86_64 | 0.1.2 | 6.01 | 48.47 | 54.48 | NOTE | |
r-release-macos-arm64 | 0.1.2 | 32.00 | NOTE | |||
r-release-macos-x86_64 | 0.1.2 | 41.00 | NOTE | |||
r-release-windows-x86_64 | 0.1.2 | 7.00 | 64.00 | 71.00 | NOTE | |
r-oldrel-macos-arm64 | 0.1.2 | 33.00 | NOTE | |||
r-oldrel-macos-x86_64 | 0.1.2 | 48.00 | NOTE | |||
r-oldrel-windows-x86_64 | 0.1.2 | 8.00 | 99.00 | 107.00 | NOTE |
Version: 0.1.2
Check: LazyData
Result: NOTE
'LazyData' is specified without a 'data' directory
Flavors: r-patched-linux-x86_64, r-release-linux-x86_64, r-release-macos-arm64, r-release-macos-x86_64, r-release-windows-x86_64, r-oldrel-macos-arm64, r-oldrel-macos-x86_64, r-oldrel-windows-x86_64
These binaries (installable software) and packages are in development.
They may not be fully stable and should be used with caution. We make no claims about them.