Last updated on 2025-11-11 15:50:48 CET.
| Flavor | Version | Tinstall | Tcheck | Ttotal | Status | Flags |
|---|---|---|---|---|---|---|
| r-devel-linux-x86_64-debian-clang | 0.1.2 | 5.89 | 53.06 | 58.95 | NOTE | |
| r-devel-linux-x86_64-debian-gcc | 0.1.2 | 4.71 | 41.36 | 46.07 | NOTE | |
| r-devel-linux-x86_64-fedora-clang | 0.1.2 | 15.00 | 75.29 | 90.29 | OK | |
| r-devel-linux-x86_64-fedora-gcc | 0.1.2 | 13.00 | 71.94 | 84.94 | OK | |
| r-devel-windows-x86_64 | 0.1.2 | 7.00 | 63.00 | 70.00 | OK | |
| r-patched-linux-x86_64 | 0.1.2 | 6.21 | 50.53 | 56.74 | OK | |
| r-release-linux-x86_64 | 0.1.2 | 6.54 | 50.62 | 57.16 | OK | |
| r-release-macos-arm64 | 0.1.2 | 3.00 | 29.00 | 32.00 | OK | |
| r-release-macos-x86_64 | 0.1.2 | 7.00 | 74.00 | 81.00 | OK | |
| r-release-windows-x86_64 | 0.1.2 | 7.00 | 61.00 | 68.00 | OK | |
| r-oldrel-macos-arm64 | 0.1.2 | 4.00 | 28.00 | 32.00 | NOTE | |
| r-oldrel-macos-x86_64 | 0.1.2 | 4.00 | 37.00 | 41.00 | NOTE | |
| r-oldrel-windows-x86_64 | 0.1.2 | 10.00 | 75.00 | 85.00 | NOTE |
Version: 0.1.2
Check: CRAN incoming feasibility
Result: NOTE
Maintainer: ‘N. Benjamin Erichson <erichson@uw.edu>’
No Authors@R field in DESCRIPTION.
Please add one, modifying
Authors@R: c(person(given = c("N.", "Benjamin"),
family = "Erichson",
role = c("aut", "cre"),
email = "erichson@uw.edu"),
person(given = "Peng",
family = "Zheng",
role = "aut"),
person(given = "Sasha",
family = "Aravkin",
role = "aut"))
as necessary.
The Description field contains
Erichson et al. (2018) <arXiv:1804.00341>.
Please refer to arXiv e-prints via their arXiv DOI <doi:10.48550/arXiv.YYMM.NNNNN>.
Flavors: r-devel-linux-x86_64-debian-clang, r-devel-linux-x86_64-debian-gcc
Version: 0.1.2
Check: LazyData
Result: NOTE
'LazyData' is specified without a 'data' directory
Flavors: r-oldrel-macos-arm64, r-oldrel-macos-x86_64, r-oldrel-windows-x86_64
These binaries (installable software) and packages are in development.
They may not be fully stable and should be used with caution. We make no claims about them.