Last updated on 2025-05-29 17:59:12 CEST.
Flavor | Version | Tinstall | Tcheck | Ttotal | Status | Flags |
---|---|---|---|---|---|---|
r-devel-linux-x86_64-debian-clang | 1.2 | 51.32 | 101.28 | 152.60 | NOTE | |
r-devel-linux-x86_64-debian-gcc | 1.2 | 38.39 | 72.06 | 110.45 | NOTE | |
r-devel-linux-x86_64-fedora-clang | 1.2 | 264.57 | NOTE | |||
r-devel-linux-x86_64-fedora-gcc | 1.2 | 238.76 | NOTE | |||
r-devel-windows-x86_64 | 1.2 | 62.00 | 123.00 | 185.00 | NOTE | |
r-patched-linux-x86_64 | 1.2 | 51.35 | 95.04 | 146.39 | NOTE | |
r-release-linux-x86_64 | 1.2 | 50.41 | 96.13 | 146.54 | NOTE | |
r-release-macos-arm64 | 1.2 | 58.00 | NOTE | |||
r-release-macos-x86_64 | 1.2 | 110.00 | NOTE | |||
r-release-windows-x86_64 | 1.2 | 60.00 | 122.00 | 182.00 | NOTE | |
r-oldrel-macos-arm64 | 1.2 | 60.00 | NOTE | |||
r-oldrel-macos-x86_64 | 1.2 | 97.00 | NOTE | |||
r-oldrel-windows-x86_64 | 1.2 | 72.00 | 162.00 | 234.00 | NOTE |
Version: 1.2
Check: CRAN incoming feasibility
Result: NOTE
Maintainer: ‘Marc Ratkovic <ratkovic@princeton.edu>’
No Authors@R field in DESCRIPTION.
Please add one, modifying
Authors@R: c(person(given = "Marc",
family = "Ratkovic",
role = c("aut", "cre"),
email = "ratkovic@princeton.edu"),
person(given = "Dustin",
family = "Tingley",
role = "aut"))
as necessary.
Flavors: r-devel-linux-x86_64-debian-clang, r-devel-linux-x86_64-debian-gcc
Version: 1.2
Check: Rd files
Result: NOTE
checkRd: (-1) plot.sparsereg.Rd:22-23: Lost braces
22 | \env{main1, main2, main3}{
| ^
checkRd: (-1) plot.sparsereg.Rd:25-27: Lost braces
25 | \env{xlabel}{
| ^
checkRd: (-1) plot.sparsereg.Rd:29-31: Lost braces
29 | \env{plot.one}{
| ^
checkRd: (-1) summary.sparsereg.Rd:27-29: Lost braces
27 | \env{interval}{
| ^
checkRd: (-1) summary.sparsereg.Rd:31-33: Lost braces
31 | \env{ci}{
| ^
checkRd: (-1) summary.sparsereg.Rd:35-37: Lost braces
35 | \env{order}{
| ^
checkRd: (-1) summary.sparsereg.Rd:39-41: Lost braces
39 | \env{normal}{
| ^
checkRd: (-1) summary.sparsereg.Rd:43-45: Lost braces
43 | \env{select}{
| ^
checkRd: (-1) summary.sparsereg.Rd:47-48: Lost braces
47 | \env{printit}{
| ^
checkRd: (-1) summary.sparsereg.Rd:50-52: Lost braces
50 | \env{stage}{
| ^
Flavors: r-devel-linux-x86_64-debian-clang, r-devel-linux-x86_64-debian-gcc, r-devel-linux-x86_64-fedora-clang, r-devel-linux-x86_64-fedora-gcc, r-devel-windows-x86_64, r-patched-linux-x86_64, r-release-linux-x86_64, r-release-macos-arm64, r-release-macos-x86_64, r-release-windows-x86_64, r-oldrel-macos-arm64, r-oldrel-macos-x86_64, r-oldrel-windows-x86_64
Version: 1.2
Check: compiled code
Result: NOTE
File ‘sparsereg/libs/sparsereg.so’:
Found no calls to: ‘R_registerRoutines’, ‘R_useDynamicSymbols’
It is good practice to register native routines and to disable symbol
search.
See ‘Writing portable packages’ in the ‘Writing R Extensions’ manual.
Flavors: r-devel-linux-x86_64-fedora-clang, r-devel-linux-x86_64-fedora-gcc
These binaries (installable software) and packages are in development.
They may not be fully stable and should be used with caution. We make no claims about them.