Last updated on 2025-02-23 11:51:21 CET.
Flavor | Version | Tinstall | Tcheck | Ttotal | Status | Flags |
---|---|---|---|---|---|---|
r-devel-linux-x86_64-debian-clang | 1.3 | 26.68 | 96.23 | 122.91 | OK | |
r-devel-linux-x86_64-debian-gcc | 1.3 | 15.67 | 69.50 | 85.17 | OK | |
r-devel-linux-x86_64-fedora-clang | 1.3 | 198.04 | OK | |||
r-devel-linux-x86_64-fedora-gcc | 1.3 | 182.76 | OK | |||
r-devel-macos-arm64 | 1.3 | 50.00 | OK | |||
r-devel-macos-x86_64 | 1.3 | 98.00 | OK | |||
r-devel-windows-x86_64 | 1.3 | 24.00 | 119.00 | 143.00 | OK | |
r-patched-linux-x86_64 | 1.3 | 26.11 | 88.01 | 114.12 | NOTE | |
r-release-linux-x86_64 | 1.3 | 21.36 | 88.21 | 109.57 | NOTE | |
r-release-macos-arm64 | 1.3 | 47.00 | NOTE | |||
r-release-macos-x86_64 | 1.3 | 70.00 | NOTE | |||
r-release-windows-x86_64 | 1.3 | 24.00 | 117.00 | 141.00 | NOTE | |
r-oldrel-macos-arm64 | 1.3 | 60.00 | NOTE | |||
r-oldrel-macos-x86_64 | 1.3 | 91.00 | NOTE | |||
r-oldrel-windows-x86_64 | 1.3 | 33.00 | 150.00 | 183.00 | NOTE |
Version: 1.3
Check: LazyData
Result: NOTE
'LazyData' is specified without a 'data' directory
Flavors: r-patched-linux-x86_64, r-release-linux-x86_64, r-release-macos-arm64, r-release-macos-x86_64, r-release-windows-x86_64, r-oldrel-macos-arm64, r-oldrel-macos-x86_64, r-oldrel-windows-x86_64
These binaries (installable software) and packages are in development.
They may not be fully stable and should be used with caution. We make no claims about them.