Last updated on 2025-11-13 21:50:09 CET.
| Flavor | Version | Tinstall | Tcheck | Ttotal | Status | Flags |
|---|---|---|---|---|---|---|
| r-devel-linux-x86_64-debian-clang | 1.3 | 25.90 | 99.09 | 124.99 | NOTE | |
| r-devel-linux-x86_64-debian-gcc | 1.3 | 17.34 | 70.09 | 87.43 | NOTE | |
| r-devel-linux-x86_64-fedora-clang | 1.3 | 55.00 | 146.53 | 201.53 | OK | |
| r-devel-linux-x86_64-fedora-gcc | 1.3 | 53.00 | 130.68 | 183.68 | OK | |
| r-devel-windows-x86_64 | 1.3 | 27.00 | 118.00 | 145.00 | OK | |
| r-patched-linux-x86_64 | 1.3 | 23.46 | 91.59 | 115.05 | OK | |
| r-release-linux-x86_64 | 1.3 | 24.08 | 91.94 | 116.02 | OK | |
| r-release-macos-arm64 | 1.3 | 11.00 | 40.00 | 51.00 | OK | |
| r-release-macos-x86_64 | 1.3 | 19.00 | 79.00 | 98.00 | OK | |
| r-release-windows-x86_64 | 1.3 | 28.00 | 112.00 | 140.00 | OK | |
| r-oldrel-macos-arm64 | 1.3 | 9.00 | 38.00 | 47.00 | NOTE | |
| r-oldrel-macos-x86_64 | 1.3 | 14.00 | 56.00 | 70.00 | NOTE | |
| r-oldrel-windows-x86_64 | 1.3 | 32.00 | 144.00 | 176.00 | NOTE |
Version: 1.3
Check: CRAN incoming feasibility
Result: NOTE
Maintainer: ‘Marius Placzek <marius.placzek@med.uni-goettingen.de>’
No Authors@R field in DESCRIPTION.
Please add one, modifying
Authors@R: c(person(given = "T.",
family = "Asendorf",
role = "aut"),
person(given = "R.",
family = "Gera",
role = "aut"),
person(given = "S.",
family = "Islam",
role = "aut"),
person(given = "M.",
family = "Harden",
role = "aut"),
person(given = "M.",
family = "Placzek",
role = "aut"),
person(given = "Marius",
family = "Placzek",
role = "cre",
email = "marius.placzek@med.uni-goettingen.de"))
as necessary.
Flavors: r-devel-linux-x86_64-debian-clang, r-devel-linux-x86_64-debian-gcc
Version: 1.3
Check: LazyData
Result: NOTE
'LazyData' is specified without a 'data' directory
Flavors: r-oldrel-macos-arm64, r-oldrel-macos-x86_64, r-oldrel-windows-x86_64
These binaries (installable software) and packages are in development.
They may not be fully stable and should be used with caution. We make no claims about them.