Last updated on 2025-10-10 01:49:20 CEST.
Flavor | Version | Tinstall | Tcheck | Ttotal | Status | Flags |
---|---|---|---|---|---|---|
r-devel-linux-x86_64-debian-clang | 1.7.5 | 7.42 | 62.63 | 70.05 | NOTE | |
r-devel-linux-x86_64-debian-gcc | 1.7.5 | 4.96 | 45.25 | 50.21 | NOTE | |
r-devel-linux-x86_64-fedora-clang | 1.7.5 | 114.48 | OK | |||
r-devel-linux-x86_64-fedora-gcc | 1.7.5 | 120.83 | OK | |||
r-devel-windows-x86_64 | 1.7.5 | 14.00 | 101.00 | 115.00 | OK | |
r-patched-linux-x86_64 | 1.7.5 | 7.32 | 58.57 | 65.89 | OK | |
r-release-linux-x86_64 | 1.7.5 | 5.74 | 59.65 | 65.39 | OK | |
r-release-macos-arm64 | 1.7.5 | 44.00 | OK | |||
r-release-macos-x86_64 | 1.7.5 | 89.00 | OK | |||
r-release-windows-x86_64 | 1.7.5 | 15.00 | 98.00 | 113.00 | OK | |
r-oldrel-macos-arm64 | 1.7.5 | 40.00 | OK | |||
r-oldrel-macos-x86_64 | 1.7.5 | 78.00 | OK | |||
r-oldrel-windows-x86_64 | 1.7.5 | 18.00 | 113.00 | 131.00 | OK |
Version: 1.7.5
Check: CRAN incoming feasibility
Result: NOTE
Maintainer: ‘Fabio Sigrist <fabiosigrist@gmail.com>’
No Authors@R field in DESCRIPTION.
Please add one, modifying
Authors@R: c(person(given = "Fabio",
family = "Sigrist",
role = c("aut", "cre"),
email = "fabiosigrist@gmail.com"),
person(given = c("Hans", "R."),
family = "Kuensch",
role = "aut"),
person(given = c("Werner", "A."),
family = "Stahel",
role = "aut"))
as necessary.
Flavors: r-devel-linux-x86_64-debian-clang, r-devel-linux-x86_64-debian-gcc
These binaries (installable software) and packages are in development.
They may not be fully stable and should be used with caution. We make no claims about them.