CRAN Package Check Results for Package spatgraphs

Last updated on 2025-05-07 22:48:41 CEST.

Flavor Version Tinstall Tcheck Ttotal Status Flags
r-devel-linux-x86_64-debian-clang 3.4 37.23 60.13 97.36 NOTE
r-devel-linux-x86_64-debian-gcc 3.4 26.22 45.21 71.43 NOTE
r-devel-linux-x86_64-fedora-clang 3.4 176.95 OK
r-devel-linux-x86_64-fedora-gcc 3.4 169.60 OK
r-devel-windows-x86_64 3.4 46.00 99.00 145.00 OK
r-patched-linux-x86_64 3.4 36.19 57.18 93.37 OK
r-release-linux-x86_64 3.4 37.40 57.30 94.70 OK
r-release-macos-arm64 3.4 53.00 OK
r-release-macos-x86_64 3.4 75.00 OK
r-release-windows-x86_64 3.4 46.00 102.00 148.00 OK
r-oldrel-macos-arm64 3.4 50.00 OK
r-oldrel-macos-x86_64 3.4 62.00 OK
r-oldrel-windows-x86_64 3.4 54.00 114.00 168.00 OK

Check Details

Version: 3.4
Check: CRAN incoming feasibility
Result: NOTE Maintainer: ‘Tuomas Rajala <tuomas.rajala@iki.fi>’ No Authors@R field in DESCRIPTION. Please add one, modifying Authors@R: person(given = "Tuomas", family = "Rajala", role = c("aut", "cre"), email = "tuomas.rajala@iki.fi") as necessary. Flavors: r-devel-linux-x86_64-debian-clang, r-devel-linux-x86_64-debian-gcc

These binaries (installable software) and packages are in development.
They may not be fully stable and should be used with caution. We make no claims about them.