Last updated on 2025-07-21 15:51:16 CEST.
Flavor | Version | Tinstall | Tcheck | Ttotal | Status | Flags |
---|---|---|---|---|---|---|
r-devel-linux-x86_64-debian-clang | 3.4 | 37.93 | 60.31 | 98.24 | NOTE | |
r-devel-linux-x86_64-debian-gcc | 3.4 | 27.76 | 45.21 | 72.97 | NOTE | |
r-devel-linux-x86_64-fedora-clang | 3.4 | 175.40 | OK | |||
r-devel-linux-x86_64-fedora-gcc | 3.4 | 159.62 | OK | |||
r-devel-windows-x86_64 | 3.4 | 43.00 | 98.00 | 141.00 | OK | |
r-patched-linux-x86_64 | 3.4 | 39.95 | 57.27 | 97.22 | OK | |
r-release-linux-x86_64 | 3.4 | 36.29 | 57.16 | 93.45 | OK | |
r-release-macos-arm64 | 3.4 | 53.00 | OK | |||
r-release-macos-x86_64 | 3.4 | 75.00 | OK | |||
r-release-windows-x86_64 | 3.4 | 44.00 | 99.00 | 143.00 | OK | |
r-oldrel-macos-arm64 | 3.4 | 50.00 | OK | |||
r-oldrel-macos-x86_64 | 3.4 | 62.00 | OK | |||
r-oldrel-windows-x86_64 | 3.4 | 54.00 | 123.00 | 177.00 | OK |
Version: 3.4
Check: CRAN incoming feasibility
Result: NOTE
Maintainer: ‘Tuomas Rajala <tuomas.rajala@iki.fi>’
No Authors@R field in DESCRIPTION.
Please add one, modifying
Authors@R: person(given = "Tuomas",
family = "Rajala",
role = c("aut", "cre"),
email = "tuomas.rajala@iki.fi")
as necessary.
Flavors: r-devel-linux-x86_64-debian-clang, r-devel-linux-x86_64-debian-gcc
These binaries (installable software) and packages are in development.
They may not be fully stable and should be used with caution. We make no claims about them.