Last updated on 2025-02-02 14:48:35 CET.
Flavor | Version | Tinstall | Tcheck | Ttotal | Status | Flags |
---|---|---|---|---|---|---|
r-devel-linux-x86_64-debian-clang | 1.1.3 | 243.71 | 40.45 | 284.16 | OK | |
r-devel-linux-x86_64-debian-gcc | 1.1.3 | 187.85 | 29.17 | 217.02 | OK | |
r-devel-linux-x86_64-fedora-clang | 1.1.3 | 613.27 | NOTE | |||
r-devel-linux-x86_64-fedora-gcc | 1.1.3 | 673.35 | NOTE | |||
r-devel-windows-x86_64 | 1.1.3 | 224.00 | 90.00 | 314.00 | OK | |
r-patched-linux-x86_64 | 1.1.3 | 256.81 | 37.66 | 294.47 | OK | |
r-release-linux-x86_64 | 1.1.3 | 257.82 | 37.17 | 294.99 | OK | |
r-release-macos-arm64 | 1.1.3 | 47.00 | ERROR | |||
r-release-macos-x86_64 | 1.1.3 | 52.00 | ERROR | |||
r-release-windows-x86_64 | 1.1.3 | 228.00 | 89.00 | 317.00 | OK | |
r-oldrel-macos-arm64 | 1.1.3 | 44.00 | ERROR | |||
r-oldrel-macos-x86_64 | 1.1.3 | 32.00 | ERROR | |||
r-oldrel-windows-x86_64 | 1.1.3 | 223.00 | 102.00 | 325.00 | OK |
Version: 1.1.3
Check: dependencies in R code
Result: NOTE
Namespaces in Imports field not imported from:
‘Rcpp’ ‘base’ ‘utils’
All declared Imports should be used.
Flavors: r-devel-linux-x86_64-fedora-clang, r-devel-linux-x86_64-fedora-gcc
Version: 1.1.3
Check: whether package can be installed
Result: ERROR
Installation failed.
Flavors: r-release-macos-arm64, r-release-macos-x86_64, r-oldrel-macos-arm64, r-oldrel-macos-x86_64
These binaries (installable software) and packages are in development.
They may not be fully stable and should be used with caution. We make no claims about them.