Last updated on 2025-11-13 21:50:09 CET.
| Flavor | Version | Tinstall | Tcheck | Ttotal | Status | Flags |
|---|---|---|---|---|---|---|
| r-devel-linux-x86_64-debian-clang | 1.2.0 | 234.65 | 54.21 | 288.86 | OK | |
| r-devel-linux-x86_64-debian-gcc | 1.2.0 | 187.57 | 38.73 | 226.30 | OK | |
| r-devel-linux-x86_64-fedora-clang | 1.2.0 | 359.00 | 133.11 | 492.11 | NOTE | |
| r-devel-linux-x86_64-fedora-gcc | 1.2.0 | 396.00 | 210.53 | 606.53 | NOTE | |
| r-devel-windows-x86_64 | 1.2.0 | 212.00 | 93.00 | 305.00 | OK | |
| r-patched-linux-x86_64 | 1.2.0 | 258.71 | 50.70 | 309.41 | OK | |
| r-release-linux-x86_64 | 1.2.0 | 260.11 | 50.06 | 310.17 | OK | |
| r-release-macos-arm64 | 1.2.0 | 36.00 | 6.00 | 42.00 | ERROR | |
| r-release-macos-x86_64 | 1.2.0 | 32.00 | 6.00 | 38.00 | ERROR | |
| r-release-windows-x86_64 | 1.2.0 | 228.00 | 94.00 | 322.00 | OK | |
| r-oldrel-macos-arm64 | 1.2.0 | 35.00 | 11.00 | 46.00 | ERROR | |
| r-oldrel-macos-x86_64 | 1.2.0 | 31.00 | 12.00 | 43.00 | ERROR | |
| r-oldrel-windows-x86_64 | 1.2.0 | 223.00 | 118.00 | 341.00 | OK |
Version: 1.2.0
Check: dependencies in R code
Result: NOTE
Namespaces in Imports field not imported from:
‘Rcpp’ ‘base’ ‘utils’
All declared Imports should be used.
Flavors: r-devel-linux-x86_64-fedora-clang, r-devel-linux-x86_64-fedora-gcc
Version: 1.2.0
Check: whether package can be installed
Result: ERROR
Installation failed.
Flavors: r-release-macos-arm64, r-release-macos-x86_64, r-oldrel-macos-arm64, r-oldrel-macos-x86_64
These binaries (installable software) and packages are in development.
They may not be fully stable and should be used with caution. We make no claims about them.