Last updated on 2025-05-01 14:49:23 CEST.
Flavor | Version | Tinstall | Tcheck | Ttotal | Status | Flags |
---|---|---|---|---|---|---|
r-devel-linux-x86_64-debian-clang | 2.0-2 | 32.31 | 274.24 | 306.55 | NOTE | |
r-devel-linux-x86_64-debian-gcc | 2.0-2 | 19.22 | 176.96 | 196.18 | OK | |
r-devel-linux-x86_64-fedora-clang | 2.0-2 | 515.02 | OK | |||
r-devel-linux-x86_64-fedora-gcc | 2.0-2 | 505.84 | OK | |||
r-devel-windows-x86_64 | 2.0-2 | 28.00 | 284.00 | 312.00 | OK | |
r-patched-linux-x86_64 | 2.0-2 | 30.92 | 263.37 | 294.29 | OK | |
r-release-linux-x86_64 | OK | |||||
r-release-macos-arm64 | 2.0-2 | 118.00 | OK | |||
r-release-macos-x86_64 | 2.0-2 | 252.00 | OK | |||
r-release-windows-x86_64 | 2.0-2 | 30.00 | 294.00 | 324.00 | OK | |
r-oldrel-macos-arm64 | 2.0-2 | 102.00 | OK | |||
r-oldrel-macos-x86_64 | 2.0-2 | 173.00 | OK | |||
r-oldrel-windows-x86_64 | 2.0-2 | 36.00 | 343.00 | 379.00 | OK |
Version: 2.0-2
Check: examples
Result: NOTE
Examples with CPU (user + system) or elapsed time > 5s
user system elapsed
raster.entropy 5.572 0.094 7.4
Flavor: r-devel-linux-x86_64-debian-clang
These binaries (installable software) and packages are in development.
They may not be fully stable and should be used with caution. We make no claims about them.