CRAN Package Check Results for Package spatialRF

Last updated on 2025-07-02 03:50:53 CEST.

Flavor Version Tinstall Tcheck Ttotal Status Flags
r-devel-linux-x86_64-debian-clang 1.1.4 9.56 75.91 85.47 NOTE
r-devel-linux-x86_64-debian-gcc 1.1.4 6.83 53.14 59.97 NOTE
r-devel-linux-x86_64-fedora-clang 1.1.4 141.26 OK
r-devel-linux-x86_64-fedora-gcc 1.1.4 129.66 OK
r-devel-windows-x86_64 1.1.4 12.00 163.00 175.00 OK
r-patched-linux-x86_64 OK
r-release-linux-x86_64 1.1.4 9.72 72.16 81.88 OK
r-release-macos-arm64 1.1.4 36.00 OK
r-release-macos-x86_64 1.1.4 69.00 OK
r-release-windows-x86_64 1.1.4 13.00 102.00 115.00 OK
r-oldrel-macos-arm64 1.1.4 35.00 OK
r-oldrel-macos-x86_64 1.1.4 56.00 OK
r-oldrel-windows-x86_64 1.1.4 17.00 117.00 134.00 OK

Check Details

Version: 1.1.4
Check: CRAN incoming feasibility
Result: NOTE Maintainer: ‘Blas M. Benito <blasbenito@gmail.com>’ Package CITATION file contains call(s) to old-style citEntry(). Please use bibentry() instead. Flavors: r-devel-linux-x86_64-debian-clang, r-devel-linux-x86_64-debian-gcc

These binaries (installable software) and packages are in development.
They may not be fully stable and should be used with caution. We make no claims about them.