Last updated on 2025-10-23 23:49:46 CEST.
| Flavor | Version | Tinstall | Tcheck | Ttotal | Status | Flags |
|---|---|---|---|---|---|---|
| r-devel-linux-x86_64-debian-clang | 1.1.4 | 11.99 | 85.00 | 96.99 | NOTE | |
| r-devel-linux-x86_64-debian-gcc | 1.1.4 | 7.34 | 59.52 | 66.86 | NOTE | |
| r-devel-linux-x86_64-fedora-clang | 1.1.4 | 59.00 | 97.85 | 156.85 | OK | |
| r-devel-linux-x86_64-fedora-gcc | 1.1.4 | 23.00 | 117.04 | 140.04 | OK | |
| r-devel-windows-x86_64 | 1.1.4 | 13.00 | 106.00 | 119.00 | OK | |
| r-patched-linux-x86_64 | 1.1.4 | 12.90 | 81.03 | 93.93 | OK | |
| r-release-linux-x86_64 | 1.1.4 | 9.50 | 80.56 | 90.06 | OK | |
| r-release-macos-arm64 | 1.1.4 | 4.00 | 32.00 | 36.00 | OK | |
| r-release-macos-x86_64 | 1.1.4 | 9.00 | 60.00 | 69.00 | OK | |
| r-release-windows-x86_64 | 1.1.4 | 13.00 | 106.00 | 119.00 | OK | |
| r-oldrel-macos-arm64 | 1.1.4 | 4.00 | 31.00 | 35.00 | OK | |
| r-oldrel-macos-x86_64 | 1.1.4 | 7.00 | 49.00 | 56.00 | OK | |
| r-oldrel-windows-x86_64 | 1.1.4 | 17.00 | 132.00 | 149.00 | OK |
Version: 1.1.4
Check: CRAN incoming feasibility
Result: NOTE
Maintainer: ‘Blas M. Benito <blasbenito@gmail.com>’
Package CITATION file contains call(s) to old-style citEntry(). Please
use bibentry() instead.
Flavors: r-devel-linux-x86_64-debian-clang, r-devel-linux-x86_64-debian-gcc
These binaries (installable software) and packages are in development.
They may not be fully stable and should be used with caution. We make no claims about them.