Last updated on 2025-02-02 14:48:35 CET.
Flavor | Version | Tinstall | Tcheck | Ttotal | Status | Flags |
---|---|---|---|---|---|---|
r-devel-linux-x86_64-debian-clang | 0.6.0 | 10.87 | 304.68 | 315.55 | NOTE | |
r-devel-linux-x86_64-debian-gcc | 0.6.0 | 7.61 | 195.61 | 203.22 | NOTE | |
r-devel-linux-x86_64-fedora-clang | 0.6.0 | 498.15 | NOTE | |||
r-devel-linux-x86_64-fedora-gcc | 0.6.0 | 553.50 | NOTE | |||
r-devel-windows-x86_64 | 0.6.0 | 14.00 | 382.00 | 396.00 | NOTE | |
r-patched-linux-x86_64 | 0.6.0 | 10.95 | 303.64 | 314.59 | OK | |
r-release-linux-x86_64 | 0.6.0 | 10.42 | 302.42 | 312.84 | OK | |
r-release-macos-arm64 | 0.6.0 | 138.00 | OK | |||
r-release-macos-x86_64 | 0.6.0 | 251.00 | OK | |||
r-release-windows-x86_64 | 0.6.0 | 14.00 | 379.00 | 393.00 | OK | |
r-oldrel-macos-arm64 | 0.6.0 | 142.00 | OK | |||
r-oldrel-macos-x86_64 | 0.6.0 | 407.00 | OK | |||
r-oldrel-windows-x86_64 | 0.6.0 | 16.00 | 474.00 | 490.00 | OK |
Version: 0.6.0
Check: DESCRIPTION meta-information
Result: NOTE
Missing dependency on R >= 4.1.0 because package code uses the pipe
|> or function shorthand \(...) syntax added in R 4.1.0.
File(s) using such syntax:
‘kinetic_ising_ensemble.R’
Flavors: r-devel-linux-x86_64-debian-clang, r-devel-linux-x86_64-debian-gcc, r-devel-linux-x86_64-fedora-clang, r-devel-linux-x86_64-fedora-gcc, r-devel-windows-x86_64
These binaries (installable software) and packages are in development.
They may not be fully stable and should be used with caution. We make no claims about them.