Last updated on 2025-07-02 01:51:52 CEST.
Flavor | Version | Tinstall | Tcheck | Ttotal | Status | Flags |
---|---|---|---|---|---|---|
r-devel-linux-x86_64-debian-clang | 0.7.2 | 53.79 | 351.52 | 405.31 | OK | |
r-devel-linux-x86_64-debian-gcc | 0.7.2 | 36.54 | 228.05 | 264.59 | OK | |
r-devel-linux-x86_64-fedora-clang | 0.7.2 | 630.28 | OK | |||
r-devel-linux-x86_64-fedora-gcc | 0.7.2 | 603.92 | OK | |||
r-devel-windows-x86_64 | 0.7.2 | 54.00 | 368.00 | 422.00 | OK | |
r-patched-linux-x86_64 | OK | |||||
r-release-linux-x86_64 | 0.7.2 | 50.78 | 334.64 | 385.42 | OK | |
r-release-macos-arm64 | 0.7.2 | 125.00 | OK | |||
r-release-macos-x86_64 | 0.7.2 | 332.00 | OK | |||
r-release-windows-x86_64 | 0.7.2 | 55.00 | 305.00 | 360.00 | OK | |
r-oldrel-macos-arm64 | 0.7.2 | 148.00 | NOTE | |||
r-oldrel-macos-x86_64 | 0.7.2 | 326.00 | NOTE | |||
r-oldrel-windows-x86_64 | 0.7.2 | 71.00 | 444.00 | 515.00 | NOTE |
Version: 0.7.2
Check: installed package size
Result: NOTE
installed size is 6.0Mb
sub-directories of 1Mb or more:
data 2.6Mb
help 1.4Mb
libs 1.9Mb
Flavors: r-oldrel-macos-arm64, r-oldrel-macos-x86_64, r-oldrel-windows-x86_64
These binaries (installable software) and packages are in development.
They may not be fully stable and should be used with caution. We make no claims about them.