Last updated on 2025-10-03 11:51:02 CEST.
Flavor | Version | Tinstall | Tcheck | Ttotal | Status | Flags |
---|---|---|---|---|---|---|
r-devel-linux-x86_64-debian-clang | 0.7.3 | 55.72 | 365.31 | 421.03 | OK | |
r-devel-linux-x86_64-debian-gcc | 0.7.3 | 36.32 | 234.86 | 271.18 | OK | |
r-devel-linux-x86_64-fedora-clang | 0.7.3 | 689.26 | OK | |||
r-devel-linux-x86_64-fedora-gcc | 0.7.3 | 626.67 | OK | |||
r-devel-windows-x86_64 | 0.7.3 | 56.00 | 322.00 | 378.00 | OK | |
r-patched-linux-x86_64 | 0.7.3 | 56.03 | 340.08 | 396.11 | OK | |
r-release-linux-x86_64 | 0.7.3 | 51.45 | 341.39 | 392.84 | OK | |
r-release-macos-arm64 | 0.7.3 | 151.00 | OK | |||
r-release-macos-x86_64 | 0.7.3 | 310.00 | OK | |||
r-release-windows-x86_64 | 0.7.3 | 56.00 | 325.00 | 381.00 | OK | |
r-oldrel-macos-arm64 | 0.7.3 | 173.00 | NOTE | |||
r-oldrel-macos-x86_64 | 0.7.3 | 385.00 | NOTE | |||
r-oldrel-windows-x86_64 | 0.7.3 | 76.00 | 446.00 | 522.00 | NOTE |
Version: 0.7.3
Check: installed package size
Result: NOTE
installed size is 6.0Mb
sub-directories of 1Mb or more:
data 2.6Mb
help 1.4Mb
libs 1.9Mb
Flavors: r-oldrel-macos-arm64, r-oldrel-macos-x86_64, r-oldrel-windows-x86_64
These binaries (installable software) and packages are in development.
They may not be fully stable and should be used with caution. We make no claims about them.