Last updated on 2025-10-23 21:51:42 CEST.
Flavor | Version | Tinstall | Tcheck | Ttotal | Status | Flags |
---|---|---|---|---|---|---|
r-devel-linux-x86_64-debian-clang | 0.2.5 | 148.73 | 35.85 | 184.58 | NOTE | |
r-devel-linux-x86_64-debian-gcc | 0.2.5 | 121.82 | 29.12 | 150.94 | NOTE | |
r-devel-linux-x86_64-fedora-clang | 0.2.5 | 499.00 | -159.04 | 339.96 | NOTE | |
r-devel-linux-x86_64-fedora-gcc | 0.2.5 | 344.00 | 67.19 | 411.19 | NOTE | |
r-devel-windows-x86_64 | 0.2.5 | 174.00 | 82.00 | 256.00 | NOTE | |
r-patched-linux-x86_64 | 0.2.5 | 168.69 | 32.29 | 200.98 | NOTE | |
r-release-linux-x86_64 | 0.2.5 | 169.53 | 32.12 | 201.65 | NOTE | |
r-release-macos-arm64 | 0.2.5 | 72.00 | 53.00 | 125.00 | NOTE | |
r-release-macos-x86_64 | 0.2.5 | 53.00 | 48.00 | 101.00 | NOTE | |
r-release-windows-x86_64 | 0.2.5 | 178.00 | 89.00 | 267.00 | NOTE | |
r-oldrel-macos-arm64 | 0.2.5 | 59.00 | 27.00 | 86.00 | NOTE | |
r-oldrel-macos-x86_64 | 0.2.5 | 38.00 | 39.00 | 77.00 | NOTE | |
r-oldrel-windows-x86_64 | 0.2.5 | 205.00 | 104.00 | 309.00 | NOTE |
Version: 0.2.5
Check: C++ specification
Result: NOTE
Specified C++14: please drop specification unless essential
Flavors: r-devel-linux-x86_64-debian-clang, r-devel-linux-x86_64-debian-gcc, r-devel-linux-x86_64-fedora-clang, r-devel-linux-x86_64-fedora-gcc, r-devel-windows-x86_64, r-patched-linux-x86_64, r-release-linux-x86_64, r-release-macos-arm64, r-release-macos-x86_64, r-release-windows-x86_64, r-oldrel-macos-arm64, r-oldrel-macos-x86_64, r-oldrel-windows-x86_64
Version: 0.2.5
Check: installed package size
Result: NOTE
installed size is 13.0Mb
sub-directories of 1Mb or more:
doc 1.2Mb
libs 11.5Mb
Flavors: r-oldrel-macos-arm64, r-oldrel-macos-x86_64
These binaries (installable software) and packages are in development.
They may not be fully stable and should be used with caution. We make no claims about them.