Last updated on 2025-05-01 08:52:47 CEST.
Flavor | Version | Tinstall | Tcheck | Ttotal | Status | Flags |
---|---|---|---|---|---|---|
r-devel-linux-x86_64-debian-clang | 0.2.5 | 157.32 | 33.23 | 190.55 | NOTE | |
r-devel-linux-x86_64-debian-gcc | 0.2.5 | 122.55 | 27.19 | 149.74 | NOTE | |
r-devel-linux-x86_64-fedora-clang | 0.2.5 | 315.38 | NOTE | |||
r-devel-linux-x86_64-fedora-gcc | 0.2.5 | 407.41 | NOTE | |||
r-devel-windows-x86_64 | 0.2.5 | 175.00 | 91.00 | 266.00 | NOTE | |
r-patched-linux-x86_64 | 0.2.5 | 174.36 | 30.59 | 204.95 | NOTE | |
r-release-linux-x86_64 | NOTE | |||||
r-release-macos-arm64 | 0.2.5 | 125.00 | NOTE | |||
r-release-macos-x86_64 | 0.2.5 | 101.00 | NOTE | |||
r-release-windows-x86_64 | 0.2.5 | 174.00 | 94.00 | 268.00 | NOTE | |
r-oldrel-macos-arm64 | 0.2.5 | 86.00 | NOTE | |||
r-oldrel-macos-x86_64 | 0.2.5 | 77.00 | NOTE | |||
r-oldrel-windows-x86_64 | 0.2.5 | 194.00 | 98.00 | 292.00 | NOTE |
Version: 0.2.5
Check: C++ specification
Result: NOTE
Specified C++14: please drop specification unless essential
Flavors: r-devel-linux-x86_64-debian-clang, r-devel-linux-x86_64-debian-gcc, r-devel-linux-x86_64-fedora-clang, r-devel-linux-x86_64-fedora-gcc, r-devel-windows-x86_64, r-patched-linux-x86_64, r-release-linux-x86_64, r-release-macos-arm64, r-release-macos-x86_64, r-release-windows-x86_64, r-oldrel-macos-arm64, r-oldrel-macos-x86_64, r-oldrel-windows-x86_64
Version: 0.2.5
Check: installed package size
Result: NOTE
installed size is 13.0Mb
sub-directories of 1Mb or more:
doc 1.2Mb
libs 11.5Mb
Flavors: r-oldrel-macos-arm64, r-oldrel-macos-x86_64
These binaries (installable software) and packages are in development.
They may not be fully stable and should be used with caution. We make no claims about them.