Last updated on 2025-05-01 15:49:45 CEST.
Flavor | Version | Tinstall | Tcheck | Ttotal | Status | Flags |
---|---|---|---|---|---|---|
r-devel-linux-x86_64-debian-clang | 3.1-2 | 9.43 | 82.62 | 92.05 | OK | |
r-devel-linux-x86_64-debian-gcc | 3.1-2 | 8.04 | 64.68 | 72.72 | OK | |
r-devel-linux-x86_64-fedora-clang | 3.1-2 | 147.30 | OK | |||
r-devel-linux-x86_64-fedora-gcc | 3.1-2 | 139.31 | OK | |||
r-devel-windows-x86_64 | 3.1-2 | 14.00 | 96.00 | 110.00 | OK | |
r-patched-linux-x86_64 | 3.1-2 | 10.52 | 79.61 | 90.13 | OK | |
r-release-linux-x86_64 | OK | |||||
r-release-macos-arm64 | 3.1-2 | 42.00 | OK | |||
r-release-macos-x86_64 | 3.1-2 | 88.00 | OK | |||
r-release-windows-x86_64 | 3.1-2 | 14.00 | 108.00 | 122.00 | OK | |
r-oldrel-macos-arm64 | 3.1-2 | 45.00 | NOTE | |||
r-oldrel-macos-x86_64 | 3.1-2 | 103.00 | NOTE | |||
r-oldrel-windows-x86_64 | 3.1-2 | 19.00 | 115.00 | 134.00 | NOTE |
Version: 3.1-2
Check: package dependencies
Result: NOTE
Depends: includes the non-default packages:
'spatstat.data', 'spatstat.sparse', 'spatstat.univar',
'spatstat.geom', 'spatstat.random', 'spatstat.explore',
'spatstat.model', 'spatstat.linnet', 'spatstat'
Adding so many packages to the search path is excessive and importing
selectively is preferable.
Flavors: r-oldrel-macos-arm64, r-oldrel-macos-x86_64, r-oldrel-windows-x86_64
These binaries (installable software) and packages are in development.
They may not be fully stable and should be used with caution. We make no claims about them.