Last updated on 2025-02-19 17:51:05 CET.
Flavor | Version | Tinstall | Tcheck | Ttotal | Status | Flags |
---|---|---|---|---|---|---|
r-devel-linux-x86_64-debian-clang | 3.3-4 | 44.55 | 349.28 | 393.83 | OK | |
r-devel-linux-x86_64-debian-gcc | 3.3-4 | 29.27 | 225.11 | 254.38 | OK | |
r-devel-linux-x86_64-fedora-clang | 3.3-4 | 648.71 | OK | |||
r-devel-linux-x86_64-fedora-gcc | 3.3-4 | 614.41 | OK | |||
r-devel-macos-arm64 | 3.3-4 | 153.00 | OK | |||
r-devel-macos-x86_64 | 3.3-4 | 355.00 | OK | |||
r-devel-windows-x86_64 | 3.3-4 | 63.00 | 412.00 | 475.00 | OK | |
r-patched-linux-x86_64 | 3.3-4 | 63.73 | 330.00 | 393.73 | OK | |
r-release-linux-x86_64 | 3.3-4 | 45.13 | 332.01 | 377.14 | OK | |
r-release-macos-arm64 | 3.3-4 | 167.00 | OK | |||
r-release-macos-x86_64 | 3.3-4 | 325.00 | NOTE | |||
r-release-windows-x86_64 | 3.3-4 | 61.00 | 413.00 | 474.00 | OK | |
r-oldrel-macos-arm64 | 3.3-4 | 185.00 | OK | |||
r-oldrel-macos-x86_64 | 3.3-4 | 409.00 | OK | |||
r-oldrel-windows-x86_64 | 3.3-4 | 77.00 | 517.00 | 594.00 | OK |
Version: 3.3-4
Check: installed package size
Result: NOTE
installed size is 5.1Mb
sub-directories of 1Mb or more:
R 2.0Mb
help 2.2Mb
Flavor: r-release-macos-x86_64
These binaries (installable software) and packages are in development.
They may not be fully stable and should be used with caution. We make no claims about them.