Last updated on 2025-02-23 11:51:21 CET.
Flavor | Version | Tinstall | Tcheck | Ttotal | Status | Flags |
---|---|---|---|---|---|---|
r-devel-linux-x86_64-debian-clang | 3.1-0 | 8.85 | 84.78 | 93.63 | OK | |
r-devel-linux-x86_64-debian-gcc | 3.1-0 | 5.84 | 63.49 | 69.33 | OK | |
r-devel-linux-x86_64-fedora-clang | 3.1-0 | 149.50 | OK | |||
r-devel-linux-x86_64-fedora-gcc | 3.1-0 | 143.74 | OK | |||
r-devel-macos-arm64 | 3.1-0 | 51.00 | OK | |||
r-devel-macos-x86_64 | 3.1-0 | 104.00 | OK | |||
r-devel-windows-x86_64 | 3.1-0 | 9.00 | 92.00 | 101.00 | OK | |
r-patched-linux-x86_64 | 3.1-0 | 8.20 | 79.03 | 87.23 | NOTE | |
r-release-linux-x86_64 | 3.1-0 | 8.21 | 80.06 | 88.27 | NOTE | |
r-release-macos-arm64 | 3.1-0 | 59.00 | NOTE | |||
r-release-macos-x86_64 | 3.1-0 | 93.00 | NOTE | |||
r-release-windows-x86_64 | 3.1-0 | 9.00 | 92.00 | 101.00 | NOTE | |
r-oldrel-macos-arm64 | 3.1-0 | 54.00 | NOTE | |||
r-oldrel-macos-x86_64 | 3.1-0 | 98.00 | NOTE | |||
r-oldrel-windows-x86_64 | 3.1-0 | 13.00 | 112.00 | 125.00 | NOTE |
Version: 3.1-0
Check: package dependencies
Result: NOTE
Depends: includes the non-default packages:
'spatstat.data', 'spatstat.univar', 'spatstat.geom',
'spatstat.random', 'spatstat.explore', 'spatstat.model',
'spatstat.linnet', 'spatstat', 'rpanel', 'tcltk'
Adding so many packages to the search path is excessive and importing
selectively is preferable.
Flavors: r-patched-linux-x86_64, r-release-linux-x86_64, r-release-macos-arm64, r-release-macos-x86_64, r-release-windows-x86_64, r-oldrel-macos-arm64, r-oldrel-macos-x86_64, r-oldrel-windows-x86_64
These binaries (installable software) and packages are in development.
They may not be fully stable and should be used with caution. We make no claims about them.