Last updated on 2025-02-16 08:51:01 CET.
Flavor | Version | Tinstall | Tcheck | Ttotal | Status | Flags |
---|---|---|---|---|---|---|
r-devel-linux-x86_64-debian-clang | 3.3-4 | 40.32 | 415.79 | 456.11 | OK | |
r-devel-linux-x86_64-debian-gcc | 3.3-4 | 28.05 | 291.66 | 319.71 | OK | |
r-devel-linux-x86_64-fedora-clang | 3.3-4 | 716.43 | OK | |||
r-devel-linux-x86_64-fedora-gcc | 3.3-4 | 691.83 | OK | |||
r-devel-macos-arm64 | 3.3-4 | 197.00 | OK | |||
r-devel-macos-x86_64 | 3.3-4 | 440.00 | OK | |||
r-devel-windows-x86_64 | 3.3-4 | 45.00 | 493.00 | 538.00 | OK | |
r-patched-linux-x86_64 | 3.3-4 | 44.69 | 392.72 | 437.41 | NOTE | |
r-release-linux-x86_64 | 3.3-4 | 35.43 | 393.31 | 428.74 | NOTE | |
r-release-macos-arm64 | 3.3-4 | 196.00 | NOTE | |||
r-release-macos-x86_64 | 3.3-4 | 415.00 | NOTE | |||
r-release-windows-x86_64 | 3.3-4 | 48.00 | 497.00 | 545.00 | NOTE | |
r-oldrel-macos-arm64 | 3.3-3 | 181.00 | NOTE | |||
r-oldrel-macos-x86_64 | 3.3-4 | 346.00 | NOTE | |||
r-oldrel-windows-x86_64 | 3.3-4 | 58.00 | 600.00 | 658.00 | NOTE |
Version: 3.3-4
Check: package dependencies
Result: NOTE
Depends: includes the non-default packages:
'spatstat.data', 'spatstat.univar', 'spatstat.geom',
'spatstat.random', 'spatstat.explore', 'nlme', 'rpart'
Adding so many packages to the search path is excessive and importing
selectively is preferable.
Flavors: r-patched-linux-x86_64, r-release-linux-x86_64, r-release-macos-arm64, r-release-macos-x86_64, r-release-windows-x86_64, r-oldrel-macos-x86_64, r-oldrel-windows-x86_64
Version: 3.3-3
Check: package dependencies
Result: NOTE
Depends: includes the non-default packages:
'spatstat.data', 'spatstat.univar', 'spatstat.geom',
'spatstat.random', 'spatstat.explore', 'nlme', 'rpart'
Adding so many packages to the search path is excessive and importing
selectively is preferable.
Flavor: r-oldrel-macos-arm64
These binaries (installable software) and packages are in development.
They may not be fully stable and should be used with caution. We make no claims about them.