CRAN Package Check Results for Package spatsurv

Last updated on 2025-07-17 21:51:01 CEST.

Flavor Version Tinstall Tcheck Ttotal Status Flags
r-devel-linux-x86_64-debian-clang 2.0-1 50.52 430.32 480.84 NOTE
r-devel-linux-x86_64-debian-gcc 2.0-1 32.52 279.26 311.78 NOTE
r-devel-linux-x86_64-fedora-clang 2.0-1 771.05 OK
r-devel-linux-x86_64-fedora-gcc 2.0-1 717.28 OK
r-devel-windows-x86_64 2.0-1 48.00 338.00 386.00 OK
r-patched-linux-x86_64 2.0-1 51.97 408.22 460.19 OK
r-release-linux-x86_64 2.0-1 46.60 403.47 450.07 OK
r-release-macos-arm64 2.0-1 249.00 OK
r-release-macos-x86_64 2.0-1 410.00 OK
r-release-windows-x86_64 2.0-1 46.00 335.00 381.00 OK
r-oldrel-macos-arm64 2.0-1 155.00 OK
r-oldrel-macos-x86_64 2.0-1 254.00 OK
r-oldrel-windows-x86_64 2.0-1 63.00 477.00 540.00 OK

Check Details

Version: 2.0-1
Check: CRAN incoming feasibility
Result: NOTE Maintainer: ‘Benjamin M. Taylor <benjamin.taylor.software@gmail.com>’ No Authors@R field in DESCRIPTION. Please add one, modifying Authors@R: c(person(given = c("Benjamin", "M."), family = "Taylor", role = c("aut", "cre"), email = "benjamin.taylor.software@gmail.com"), person(given = c("Barry", "S.", "Rowlingson", "Additional", "contributions", "Ziyu"), family = "Zheng", role = "aut")) as necessary. Flavors: r-devel-linux-x86_64-debian-clang, r-devel-linux-x86_64-debian-gcc

These binaries (installable software) and packages are in development.
They may not be fully stable and should be used with caution. We make no claims about them.