Last updated on 2025-10-23 11:50:29 CEST.
Flavor | Version | Tinstall | Tcheck | Ttotal | Status | Flags |
---|---|---|---|---|---|---|
r-devel-linux-x86_64-debian-clang | 0.6.0 | 7.68 | 84.02 | 91.70 | NOTE | |
r-devel-linux-x86_64-debian-gcc | 0.6.0 | 4.74 | 55.69 | 60.43 | OK | |
r-devel-linux-x86_64-fedora-clang | 0.6.0 | 38.00 | 106.10 | 144.10 | OK | |
r-devel-linux-x86_64-fedora-gcc | 0.6.0 | 16.00 | 111.42 | 127.42 | OK | |
r-devel-windows-x86_64 | 0.6.0 | 9.00 | 86.00 | 95.00 | OK | |
r-patched-linux-x86_64 | 0.6.0 | 6.49 | 76.26 | 82.75 | OK | |
r-release-linux-x86_64 | 0.6.0 | 6.78 | 75.41 | 82.19 | OK | |
r-release-macos-arm64 | 0.6.0 | 4.00 | 39.00 | 43.00 | OK | |
r-release-macos-x86_64 | 0.6.0 | 6.00 | 65.00 | 71.00 | OK | |
r-release-windows-x86_64 | 0.6.0 | 9.00 | 85.00 | 94.00 | OK | |
r-oldrel-macos-arm64 | 0.6.0 | 3.00 | 34.00 | 37.00 | OK | |
r-oldrel-macos-x86_64 | 0.6.0 | 5.00 | 54.00 | 59.00 | OK | |
r-oldrel-windows-x86_64 | 0.6.0 | 11.00 | 111.00 | 122.00 | OK |
Version: 0.6.0
Check: HTML version of manual
Result: NOTE
Found the following HTML validation problems:
sp-methods.html:64:1 (sp-methods.Rd:23): Warning: missing </ul> before </div>
Flavor: r-devel-linux-x86_64-debian-clang
These binaries (installable software) and packages are in development.
They may not be fully stable and should be used with caution. We make no claims about them.