Last updated on 2025-05-01 17:56:17 CEST.
Flavor | Version | Tinstall | Tcheck | Ttotal | Status | Flags |
---|---|---|---|---|---|---|
r-devel-linux-x86_64-debian-clang | 1.3 | 1.98 | 23.85 | 25.83 | NOTE | |
r-devel-linux-x86_64-debian-gcc | 1.3 | 1.51 | 19.69 | 21.20 | NOTE | |
r-devel-linux-x86_64-fedora-clang | 1.3 | 38.37 | OK | |||
r-devel-linux-x86_64-fedora-gcc | 1.3 | 38.64 | OK | |||
r-devel-windows-x86_64 | 1.3 | 3.00 | 48.00 | 51.00 | OK | |
r-patched-linux-x86_64 | 1.3 | 1.78 | 23.20 | 24.98 | OK | |
r-release-linux-x86_64 | OK | |||||
r-release-macos-arm64 | 1.3 | 19.00 | OK | |||
r-release-macos-x86_64 | 1.3 | 31.00 | OK | |||
r-release-windows-x86_64 | 1.3 | 4.00 | 49.00 | 53.00 | OK | |
r-oldrel-macos-arm64 | 1.3 | 18.00 | OK | |||
r-oldrel-macos-x86_64 | 1.3 | 26.00 | OK | |||
r-oldrel-windows-x86_64 | 1.3 | 3.00 | 46.00 | 49.00 | OK |
Version: 1.3
Check: CRAN incoming feasibility
Result: NOTE
Maintainer: ‘Jacob Bien <jbien@usc.edu>’
No Authors@R field in DESCRIPTION.
Please add one, modifying
Authors@R: c(person(given = "Jacob",
family = "Bien",
role = c("aut", "cre"),
email = "jbien@usc.edu"),
person(given = "Rob",
family = "Tibshirani",
role = "aut"))
as necessary.
Flavors: r-devel-linux-x86_64-debian-clang, r-devel-linux-x86_64-debian-gcc
These binaries (installable software) and packages are in development.
They may not be fully stable and should be used with caution. We make no claims about them.