Last updated on 2025-07-26 01:51:06 CEST.
Flavor | Version | Tinstall | Tcheck | Ttotal | Status | Flags |
---|---|---|---|---|---|---|
r-devel-linux-x86_64-debian-clang | 1.3-13 | 23.72 | 271.95 | 295.67 | OK | |
r-devel-linux-x86_64-debian-gcc | 1.3-13 | 15.71 | 188.97 | 204.68 | OK | |
r-devel-linux-x86_64-fedora-clang | 1.3-13 | 467.64 | OK | |||
r-devel-linux-x86_64-fedora-gcc | 1.3-13 | 461.12 | OK | |||
r-devel-windows-x86_64 | 1.3-13 | 38.00 | 296.00 | 334.00 | OK | |
r-patched-linux-x86_64 | 1.3-13 | 25.81 | 260.10 | 285.91 | OK | |
r-release-linux-x86_64 | 1.3-13 | 23.13 | 260.49 | 283.62 | OK | |
r-release-macos-arm64 | 1.3-13 | 141.00 | OK | |||
r-release-macos-x86_64 | 1.3-13 | 278.00 | OK | |||
r-release-windows-x86_64 | 1.3-13 | 39.00 | 287.00 | 326.00 | OK | |
r-oldrel-macos-arm64 | 1.3-13 | 139.00 | NOTE | |||
r-oldrel-macos-x86_64 | 1.3-13 | 283.00 | NOTE | |||
r-oldrel-windows-x86_64 | 1.3-13 | 44.00 | 378.00 | 422.00 | NOTE |
Version: 1.3-13
Check: installed package size
Result: NOTE
installed size is 9.7Mb
sub-directories of 1Mb or more:
doc 6.0Mb
etc 2.0Mb
Flavors: r-oldrel-macos-arm64, r-oldrel-macos-x86_64, r-oldrel-windows-x86_64
These binaries (installable software) and packages are in development.
They may not be fully stable and should be used with caution. We make no claims about them.