CRAN Package Check Results for Package spdep

Last updated on 2025-05-08 04:52:19 CEST.

Flavor Version Tinstall Tcheck Ttotal Status Flags
r-devel-linux-x86_64-debian-clang 1.3-11 25.09 265.93 291.02 OK
r-devel-linux-x86_64-debian-gcc 1.3-11 16.17 188.01 204.18 OK
r-devel-linux-x86_64-fedora-clang 1.3-11 463.16 OK
r-devel-linux-x86_64-fedora-gcc 1.3-11 440.43 OK
r-devel-windows-x86_64 1.3-11 37.00 285.00 322.00 OK
r-patched-linux-x86_64 1.3-11 26.10 251.39 277.49 OK
r-release-linux-x86_64 1.3-11 21.83 252.26 274.09 OK
r-release-macos-arm64 1.3-11 134.00 OK
r-release-macos-x86_64 1.3-11 280.00 OK
r-release-windows-x86_64 1.3-11 36.00 291.00 327.00 OK
r-oldrel-macos-arm64 1.3-11 137.00 NOTE
r-oldrel-macos-x86_64 1.3-11 274.00 NOTE
r-oldrel-windows-x86_64 1.3-11 42.00 364.00 406.00 NOTE

Check Details

Version: 1.3-11
Check: installed package size
Result: NOTE installed size is 9.7Mb sub-directories of 1Mb or more: doc 6.0Mb etc 2.0Mb Flavors: r-oldrel-macos-arm64, r-oldrel-macos-x86_64, r-oldrel-windows-x86_64

These binaries (installable software) and packages are in development.
They may not be fully stable and should be used with caution. We make no claims about them.