CRAN Package Check Results for Package spdownscale

Last updated on 2025-10-09 17:50:53 CEST.

Flavor Version Tinstall Tcheck Ttotal Status Flags
r-devel-linux-x86_64-debian-clang 0.1.0 2.03 22.44 24.47 NOTE
r-devel-linux-x86_64-debian-gcc 0.1.0 1.67 19.34 21.01 NOTE
r-devel-linux-x86_64-fedora-clang 0.1.0 37.62 OK
r-devel-linux-x86_64-fedora-gcc 0.1.0 34.59 OK
r-devel-windows-x86_64 0.1.0 3.00 49.00 52.00 OK
r-patched-linux-x86_64 0.1.0 2.02 21.23 23.25 OK
r-release-linux-x86_64 0.1.0 1.99 21.57 23.56 OK
r-release-macos-arm64 0.1.0 17.00 OK
r-release-macos-x86_64 0.1.0 28.00 OK
r-release-windows-x86_64 0.1.0 4.00 51.00 55.00 OK
r-oldrel-macos-arm64 0.1.0 17.00 OK
r-oldrel-macos-x86_64 0.1.0 23.00 OK
r-oldrel-windows-x86_64 0.1.0 3.00 47.00 50.00 OK

Check Details

Version: 0.1.0
Check: CRAN incoming feasibility
Result: NOTE Maintainer: ‘Rasheed AM <a.rasheed@qut.edu.au>’ No Authors@R field in DESCRIPTION. Please add one, modifying Authors@R: c(person(given = "Rasheed", family = "AM", role = c("aut", "cre"), email = "a.rasheed@qut.edu.au"), person(given = "Egodawatta", family = "P", role = "aut"), person(given = "Goonetilleke", family = "A", role = "aut"), person(given = "McGree", family = "J", role = "aut")) as necessary. Flavors: r-devel-linux-x86_64-debian-clang, r-devel-linux-x86_64-debian-gcc

These binaries (installable software) and packages are in development.
They may not be fully stable and should be used with caution. We make no claims about them.