Last updated on 2025-05-01 08:52:47 CEST.
Flavor | Version | Tinstall | Tcheck | Ttotal | Status | Flags |
---|---|---|---|---|---|---|
r-devel-linux-x86_64-debian-clang | 0.17.2 | 48.11 | 109.49 | 157.60 | NOTE | |
r-devel-linux-x86_64-debian-gcc | 0.17.2 | 33.64 | 78.79 | 112.43 | NOTE | |
r-devel-linux-x86_64-fedora-clang | 0.17.2 | 272.06 | OK | |||
r-devel-linux-x86_64-fedora-gcc | 0.17.2 | 261.79 | OK | |||
r-devel-windows-x86_64 | 0.17.2 | 61.00 | 188.00 | 249.00 | NOTE | |
r-patched-linux-x86_64 | 0.17.2 | 45.65 | 104.27 | 149.92 | NOTE | |
r-release-linux-x86_64 | NOTE | |||||
r-release-macos-arm64 | 0.17.2 | 71.00 | OK | |||
r-release-macos-x86_64 | 0.17.2 | 141.00 | OK | |||
r-release-windows-x86_64 | 0.17.2 | 64.00 | 191.00 | 255.00 | NOTE | |
r-oldrel-macos-arm64 | 0.17.2 | 65.00 | OK | |||
r-oldrel-macos-x86_64 | 0.17.2 | 97.00 | OK | |||
r-oldrel-windows-x86_64 | 0.17.2 | 69.00 | 221.00 | 290.00 | OK |
Version: 0.17.2
Check: Rd cross-references
Result: NOTE
Found the following Rd file(s) with Rd \link{} targets missing package
anchors:
forecast.spdur.Rd: forecast
Please provide package anchors for all Rd \link{} targets not in the
package itself and the base packages.
Flavors: r-devel-linux-x86_64-debian-clang, r-devel-linux-x86_64-debian-gcc, r-devel-windows-x86_64, r-patched-linux-x86_64, r-release-linux-x86_64, r-release-windows-x86_64
These binaries (installable software) and packages are in development.
They may not be fully stable and should be used with caution. We make no claims about them.