Last updated on 2025-05-08 04:52:19 CEST.
Flavor | Version | Tinstall | Tcheck | Ttotal | Status | Flags |
---|---|---|---|---|---|---|
r-devel-linux-x86_64-debian-clang | 1.1.6 | 29.23 | 233.28 | 262.51 | NOTE | |
r-devel-linux-x86_64-debian-gcc | 1.1.6 | 18.12 | 151.47 | 169.59 | NOTE | |
r-devel-linux-x86_64-fedora-clang | 1.1.6 | 417.69 | OK | |||
r-devel-linux-x86_64-fedora-gcc | 1.1.6 | 412.88 | OK | |||
r-devel-windows-x86_64 | 1.1.6 | 25.00 | 194.00 | 219.00 | OK | |
r-patched-linux-x86_64 | 1.1.6 | 25.09 | 222.32 | 247.41 | OK | |
r-release-linux-x86_64 | 1.1.6 | 24.26 | 222.16 | 246.42 | OK | |
r-release-macos-arm64 | 1.1.6 | 119.00 | OK | |||
r-release-macos-x86_64 | 1.1.6 | 233.00 | OK | |||
r-release-windows-x86_64 | 1.1.6 | 25.00 | 201.00 | 226.00 | OK | |
r-oldrel-macos-arm64 | 1.1.6 | 93.00 | OK | |||
r-oldrel-macos-x86_64 | 1.1.6 | 148.00 | OK | |||
r-oldrel-windows-x86_64 | 1.1.6 | 35.00 | 264.00 | 299.00 | OK |
Version: 1.1.6
Check: CRAN incoming feasibility
Result: NOTE
Maintainer: ‘Javier Martinez-Lopez <javi.martinez.lopez@gmail.com>’
No Authors@R field in DESCRIPTION.
Please add one, modifying
Authors@R: c(person(given = "Javier",
family = "Martinez-Lopez",
role = c("aut", "cre"),
email = "javi.martinez.lopez@gmail.com"),
person(given = "Babak",
family = "Naimi",
role = "aut",
email = "naimi.b@gmail.com"),
person(given = "Julia",
family = "Martinez-Fernandez",
role = "aut",
email = "juliamf@um.es"))
as necessary.
Flavors: r-devel-linux-x86_64-debian-clang, r-devel-linux-x86_64-debian-gcc
These binaries (installable software) and packages are in development.
They may not be fully stable and should be used with caution. We make no claims about them.